CRAN Package Check Results for Package markerpen

Last updated on 2021-09-24 20:48:50 CEST.

Flavor Version Tinstall Tcheck Ttotal Status Flags
r-devel-linux-x86_64-debian-clang 0.1.1 65.98 98.87 164.85 OK
r-devel-linux-x86_64-debian-gcc 0.1.1 43.96 69.59 113.55 OK
r-devel-linux-x86_64-fedora-clang 0.1.1 212.41 NOTE
r-devel-linux-x86_64-fedora-gcc 0.1.1 185.25 OK
r-devel-windows-x86_64 0.1.1 58.00 88.00 146.00 NOTE
r-devel-windows-x86_64-gcc10-UCRT 0.1.1 OK
r-patched-linux-x86_64 0.1.1 49.24 84.98 134.22 OK
r-patched-solaris-x86 0.1.1 452.70 OK
r-release-linux-x86_64 0.1.1 52.71 88.65 141.36 OK
r-release-macos-arm64 0.1.1 NOTE
r-release-macos-x86_64 0.1.1 NOTE
r-release-windows-ix86+x86_64 0.1.1 144.00 113.00 257.00 NOTE
r-oldrel-macos-x86_64 0.1.1 NOTE
r-oldrel-windows-ix86+x86_64 0.1.1 111.00 117.00 228.00 NOTE

Check Details

Version: 0.1.1
Check: installed package size
Result: NOTE
     installed size is 14.2Mb
     sub-directories of 1Mb or more:
     examples 2.7Mb
     libs 10.1Mb
Flavors: r-devel-linux-x86_64-fedora-clang, r-devel-windows-x86_64, r-release-macos-arm64, r-release-macos-x86_64, r-release-windows-ix86+x86_64, r-oldrel-macos-x86_64, r-oldrel-windows-ix86+x86_64