CRAN Package Check Results for Package mapview

Last updated on 2021-09-22 20:49:44 CEST.

Flavor Version Tinstall Tcheck Ttotal Status Flags
r-devel-linux-x86_64-debian-clang 2.10.0 20.01 172.26 192.27 OK
r-devel-linux-x86_64-debian-gcc 2.10.0 16.99 128.98 145.97 OK
r-devel-linux-x86_64-fedora-clang 2.10.0 232.89 OK
r-devel-linux-x86_64-fedora-gcc 2.10.0 218.97 OK
r-devel-windows-x86_64 2.10.0 24.00 141.00 165.00 OK
r-devel-windows-x86_64-gcc10-UCRT 2.10.0 ERROR
r-patched-linux-x86_64 2.10.0 19.75 162.21 181.96 OK
r-patched-solaris-x86 2.10.0 314.10 OK
r-release-linux-x86_64 2.10.0 13.41 166.16 179.57 OK
r-release-macos-arm64 2.10.0 OK
r-release-macos-x86_64 2.10.0 OK
r-release-windows-ix86+x86_64 2.10.0 44.00 139.00 183.00 OK
r-oldrel-macos-x86_64 2.10.0 OK
r-oldrel-windows-ix86+x86_64 2.10.0 30.00 144.00 174.00 OK

Check Details

Version: 2.10.0
Check: package dependencies
Result: ERROR
    Packages required but not available:
     'leafem', 'leaflet', 'leafpop', 'png', 'sf'
    
    Packages suggested but not available for checking:
     'leaflet.extras2', 'leafsync', 'lwgeom', 'plainview', 'stars'
    
    See section 'The DESCRIPTION file' in the 'Writing R Extensions'
    manual.
Flavor: r-devel-windows-x86_64-gcc10-UCRT