CRAN Package Check Results for Package mapscanner

Last updated on 2024-03-03 19:56:26 CET.

Flavor Version Tinstall Tcheck Ttotal Status Flags
r-devel-linux-x86_64-debian-clang 0.0.6 50.83 80.72 131.55 NOTE
r-devel-linux-x86_64-debian-gcc 0.0.6 38.78 60.51 99.29 NOTE
r-devel-linux-x86_64-fedora-clang 0.0.6 177.93 NOTE
r-devel-linux-x86_64-fedora-gcc 0.0.6 189.80 NOTE
r-devel-windows-x86_64 0.0.6 38.00 98.00 136.00 NOTE
r-patched-linux-x86_64 0.0.6 49.67 77.54 127.21 NOTE
r-release-linux-x86_64 0.0.6 43.17 78.11 121.28 NOTE
r-release-macos-arm64 0.0.6 54.00 NOTE
r-release-macos-x86_64 0.0.6 90.00 NOTE
r-release-windows-x86_64 0.0.6 49.00 115.00 164.00 NOTE
r-oldrel-macos-arm64 0.0.6 42.00 NOTE
r-oldrel-windows-x86_64 0.0.6 47.00 116.00 163.00 OK

Check Details

Version: 0.0.6
Check: C++ specification
Result: NOTE Specified C++11: please drop specification unless essential Flavors: r-devel-linux-x86_64-debian-clang, r-devel-linux-x86_64-debian-gcc, r-devel-linux-x86_64-fedora-clang, r-devel-linux-x86_64-fedora-gcc, r-devel-windows-x86_64, r-patched-linux-x86_64, r-release-linux-x86_64, r-release-macos-arm64, r-release-macos-x86_64, r-release-windows-x86_64

Version: 0.0.6
Check: installed package size
Result: NOTE installed size is 5.6Mb sub-directories of 1Mb or more: doc 2.8Mb libs 2.1Mb Flavors: r-release-macos-arm64, r-release-macos-x86_64, r-oldrel-macos-arm64