CRAN Package Check Results for Package mapr

Last updated on 2021-09-20 20:48:49 CEST.

Flavor Version Tinstall Tcheck Ttotal Status Flags
r-devel-linux-x86_64-debian-clang 0.5.2 6.89 63.90 70.79 NOTE
r-devel-linux-x86_64-debian-gcc 0.5.2 5.03 48.71 53.74 NOTE
r-devel-linux-x86_64-fedora-clang 0.5.2 99.73 NOTE
r-devel-linux-x86_64-fedora-gcc 0.5.2 80.27 NOTE
r-devel-windows-x86_64 0.5.2 9.00 64.00 73.00 OK
r-devel-windows-x86_64-gcc10-UCRT 0.5.2 ERROR
r-patched-linux-x86_64 0.5.2 5.94 59.44 65.38 NOTE
r-patched-solaris-x86 0.5.2 118.80 NOTE
r-release-linux-x86_64 0.5.2 5.58 59.24 64.82 NOTE
r-release-macos-arm64 0.5.2 OK
r-release-macos-x86_64 0.5.2 OK
r-release-windows-ix86+x86_64 0.5.2 16.00 63.00 79.00 OK
r-oldrel-macos-x86_64 0.5.2 OK
r-oldrel-windows-ix86+x86_64 0.5.2 17.00 63.00 80.00 OK

Check Details

Version: 0.5.2
Check: package dependencies
Result: NOTE
    Package suggested but not available for checking: 'scrubr'
Flavors: r-devel-linux-x86_64-debian-clang, r-devel-linux-x86_64-debian-gcc, r-devel-linux-x86_64-fedora-clang, r-devel-linux-x86_64-fedora-gcc, r-patched-linux-x86_64, r-patched-solaris-x86, r-release-linux-x86_64

Version: 0.5.2
Check: package dependencies
Result: NOTE
    Packages suggested but not available for checking: 'taxize', 'scrubr'
Flavor: r-devel-windows-x86_64-gcc10-UCRT

Version: 0.5.2
Check: whether package can be installed
Result: WARN
    Found the following significant warnings:
     WARNING: installation-time patches will not be applied, could not get the patches index
Flavor: r-devel-windows-x86_64-gcc10-UCRT

Version: 0.5.2
Check: PDF version of manual
Result: WARN
    LaTeX errors when creating PDF version.
    This typically indicates Rd problems.
Flavor: r-devel-windows-x86_64-gcc10-UCRT

Version: 0.5.2
Check: PDF version of manual without hyperrefs or index
Result: ERROR
    Re-running with no redirection of stdout/stderr.
Flavor: r-devel-windows-x86_64-gcc10-UCRT