CRAN Package Check Results for Package mapdeck

Last updated on 2021-10-26 08:10:08 CEST.

Flavor Version Tinstall Tcheck Ttotal Status Flags
r-devel-linux-x86_64-debian-clang 0.3.4 296.11 54.72 350.83 OK
r-devel-linux-x86_64-debian-gcc 0.3.4 268.25 42.02 310.27 OK
r-devel-linux-x86_64-fedora-clang 0.3.4 523.57 NOTE
r-devel-linux-x86_64-fedora-gcc 0.3.4 557.18 OK
r-devel-windows-x86_64 0.3.4 339.00 102.00 441.00 NOTE
r-devel-windows-x86_64-gcc10-UCRT 0.3.4 OK
r-patched-linux-x86_64 0.3.4 297.85 53.19 351.04 OK
r-patched-solaris-x86 0.3.4 424.30 NOTE
r-release-linux-x86_64 0.3.4 295.62 52.97 348.59 OK
r-release-macos-arm64 0.3.4 NOTE
r-release-macos-x86_64 0.3.4 NOTE
r-release-windows-ix86+x86_64 0.3.4 510.00 117.00 627.00 NOTE
r-oldrel-macos-x86_64 0.3.4 NOTE
r-oldrel-windows-ix86+x86_64 0.3.4 666.00 116.00 782.00 NOTE

Check Details

Version: 0.3.4
Check: installed package size
Result: NOTE
     installed size is 35.2Mb
     sub-directories of 1Mb or more:
     data 1.3Mb
     doc 1.6Mb
     htmlwidgets 2.3Mb
     libs 29.6Mb
Flavors: r-devel-linux-x86_64-fedora-clang, r-devel-windows-x86_64, r-patched-solaris-x86, r-release-macos-arm64, r-release-macos-x86_64, r-release-windows-ix86+x86_64, r-oldrel-macos-x86_64, r-oldrel-windows-ix86+x86_64