CRAN Package Check Results for Package mapdata

Last updated on 2021-10-16 20:50:48 CEST.

Flavor Version Tinstall Tcheck Ttotal Status Flags
r-devel-linux-x86_64-debian-clang 2.3.0 14.67 23.17 37.84 OK
r-devel-linux-x86_64-debian-gcc 2.3.0 11.83 18.51 30.34 OK
r-devel-linux-x86_64-fedora-clang 2.3.0 58.71 NOTE
r-devel-linux-x86_64-fedora-gcc 2.3.0 47.84 OK
r-devel-windows-x86_64 2.3.0 61.00 31.00 92.00 NOTE
r-devel-windows-x86_64-gcc10-UCRT 2.3.0 OK
r-patched-linux-x86_64 2.3.0 14.76 22.66 37.42 OK
r-patched-solaris-x86 2.3.0 76.50 NOTE
r-release-linux-x86_64 2.3.0 16.16 22.72 38.88 OK
r-release-macos-arm64 2.3.0 NOTE
r-release-macos-x86_64 2.3.0 NOTE
r-release-windows-ix86+x86_64 2.3.0 73.00 40.00 113.00 NOTE
r-oldrel-macos-x86_64 2.3.0 NOTE
r-oldrel-windows-ix86+x86_64 2.3.0 74.00 44.00 118.00 NOTE

Check Details

Version: 2.3.0
Check: installed package size
Result: NOTE
     installed size is 33.5Mb
     sub-directories of 1Mb or more:
     mapdata 33.4Mb
Flavors: r-devel-linux-x86_64-fedora-clang, r-devel-windows-x86_64, r-patched-solaris-x86, r-release-macos-arm64, r-release-macos-x86_64, r-release-windows-ix86+x86_64, r-oldrel-macos-x86_64, r-oldrel-windows-ix86+x86_64