CRAN Package Check Results for Package mapcan

Last updated on 2019-08-23 10:48:16 CEST.

Flavor Version Tinstall Tcheck Ttotal Status Flags
r-devel-linux-x86_64-debian-clang 0.0.1 5.02 39.99 45.01 OK
r-devel-linux-x86_64-debian-gcc 0.0.1 5.16 31.86 37.02 OK
r-devel-linux-x86_64-fedora-clang 0.0.1 59.97 NOTE
r-devel-linux-x86_64-fedora-gcc 0.0.1 55.99 NOTE
r-devel-windows-ix86+x86_64 0.0.1 16.00 80.00 96.00 OK
r-patched-linux-x86_64 0.0.1 5.46 39.93 45.39 OK
r-patched-solaris-x86 0.0.1 85.20 NOTE
r-release-linux-x86_64 0.0.1 4.77 40.05 44.82 OK
r-release-windows-ix86+x86_64 0.0.1 19.00 71.00 90.00 OK
r-release-osx-x86_64 0.0.1 NOTE
r-oldrel-windows-ix86+x86_64 0.0.1 14.00 68.00 82.00 OK
r-oldrel-osx-x86_64 0.0.1 NOTE

Check Details

Version: 0.0.1
Check: dependencies in R code
Result: NOTE
    Namespace in Imports field not imported from: ‘dplyr’
     All declared Imports should be used.
Flavors: r-devel-linux-x86_64-fedora-clang, r-devel-linux-x86_64-fedora-gcc, r-patched-solaris-x86, r-release-osx-x86_64, r-oldrel-osx-x86_64

Version: 0.0.1
Check: data for non-ASCII characters
Result: NOTE
     Note: found 3058 marked UTF-8 strings
Flavors: r-devel-linux-x86_64-fedora-clang, r-devel-linux-x86_64-fedora-gcc, r-patched-solaris-x86, r-release-osx-x86_64, r-oldrel-osx-x86_64

Version: 0.0.1
Check: installed package size
Result: NOTE
     installed size is 5.4Mb
     sub-directories of 1Mb or more:
     data 2.5Mb
     doc 1.2Mb
     help 1.6Mb
Flavor: r-patched-solaris-x86