CRAN Package Check Results for Package mapcan

Last updated on 2020-01-25 08:49:59 CET.

Flavor Version Tinstall Tcheck Ttotal Status Flags
r-devel-linux-x86_64-debian-clang 0.0.1 5.51 42.76 48.27 OK
r-devel-linux-x86_64-debian-gcc 0.0.1 5.15 33.32 38.47 OK
r-devel-linux-x86_64-fedora-clang 0.0.1 59.58 NOTE
r-devel-linux-x86_64-fedora-gcc 0.0.1 57.77 NOTE
r-devel-windows-ix86+x86_64 0.0.1 16.00 77.00 93.00 OK
r-devel-windows-ix86+x86_64-gcc8 0.0.1 21.00 56.00 77.00 OK
r-patched-linux-x86_64 0.0.1 5.65 39.08 44.73 OK
r-patched-solaris-x86 0.0.1 81.00 NOTE
r-release-linux-x86_64 0.0.1 5.06 38.76 43.82 OK
r-release-windows-ix86+x86_64 0.0.1 12.00 73.00 85.00 OK
r-release-osx-x86_64 0.0.1 NOTE
r-oldrel-windows-ix86+x86_64 0.0.1 9.00 46.00 55.00 OK
r-oldrel-osx-x86_64 0.0.1 NOTE

Check Details

Version: 0.0.1
Check: dependencies in R code
Result: NOTE
    Namespace in Imports field not imported from: ‘dplyr’
     All declared Imports should be used.
Flavors: r-devel-linux-x86_64-fedora-clang, r-devel-linux-x86_64-fedora-gcc, r-patched-solaris-x86, r-release-osx-x86_64, r-oldrel-osx-x86_64

Version: 0.0.1
Check: data for non-ASCII characters
Result: NOTE
     Note: found 3058 marked UTF-8 strings
Flavors: r-devel-linux-x86_64-fedora-clang, r-devel-linux-x86_64-fedora-gcc, r-patched-solaris-x86, r-release-osx-x86_64, r-oldrel-osx-x86_64

Version: 0.0.1
Check: installed package size
Result: NOTE
     installed size is 5.4Mb
     sub-directories of 1Mb or more:
     data 2.5Mb
     doc 1.2Mb
     help 1.6Mb
Flavor: r-patched-solaris-x86