CRAN Package Check Results for Package mapbayr

Last updated on 2021-09-26 20:49:13 CEST.

Flavor Version Tinstall Tcheck Ttotal Status Flags
r-devel-linux-x86_64-debian-clang 0.5.0 7.11 65.55 72.66 OK
r-devel-linux-x86_64-debian-gcc 0.5.0 6.23 48.26 54.49 ERROR
r-devel-linux-x86_64-fedora-clang 0.5.0 94.27 ERROR
r-devel-linux-x86_64-fedora-gcc 0.5.0 87.60 OK
r-devel-windows-x86_64 0.5.0 9.00 63.00 72.00 OK
r-devel-windows-x86_64-gcc10-UCRT 0.5.0 OK
r-patched-linux-x86_64 0.5.0 12.47 60.09 72.56 OK
r-patched-solaris-x86 0.5.0 122.30 OK
r-release-linux-x86_64 0.5.0 6.91 61.39 68.30 OK
r-release-macos-arm64 0.5.0 OK
r-release-macos-x86_64 0.5.0 OK
r-release-windows-ix86+x86_64 0.5.0 16.00 62.00 78.00 OK
r-oldrel-macos-x86_64 0.5.0 OK
r-oldrel-windows-ix86+x86_64 0.5.0 16.00 63.00 79.00 OK

Check Details

Version: 0.5.0
Check: examples
Result: ERROR
    Running examples in ‘mapbayr-Ex.R’ failed
    The error most likely occurred in:
    
    > base::assign(".ptime", proc.time(), pos = "CheckExEnv")
    > ### Name: adm_cmt
    > ### Title: Get administration compartment numbers from mrgsolve model
    > ### Aliases: adm_cmt
    >
    > ### ** Examples
    >
    > model <- mrgsolve::mread("ex_mbr1", mbrlib())
    Building ex_mbr1 ... (waiting) ...
    done.
    > adm_cmt(model)
    Error in within.list(list(), { : object 'nl' not found
    Calls: adm_cmt ... as.list -> as.list -> .local -> within -> within.list
    Execution halted
Flavor: r-devel-linux-x86_64-debian-gcc

Version: 0.5.0
Check: examples
Result: ERROR
    Running examples in ‘mapbayr-Ex.R’ failed
    The error most likely occurred in:
    
    > ### Name: adm_cmt
    > ### Title: Get administration compartment numbers from mrgsolve model
    > ### Aliases: adm_cmt
    >
    > ### ** Examples
    >
    > model <- mrgsolve::mread("ex_mbr1", mbrlib())
    Building ex_mbr1 ... (waiting) ...
    done.
    > adm_cmt(model)
    Error in within.list(list(), { : object 'nl' not found
    Calls: adm_cmt ... as.list -> as.list -> .local -> within -> within.list
    Execution halted
Flavor: r-devel-linux-x86_64-fedora-clang