CRAN Package Check Results for Package mapStats

Last updated on 2021-12-05 19:49:29 CET.

Flavor Version Tinstall Tcheck Ttotal Status Flags
r-devel-linux-x86_64-debian-clang 2.4 12.80 128.19 140.99 NOTE
r-devel-linux-x86_64-debian-gcc 2.4 10.30 96.93 107.23 NOTE
r-devel-linux-x86_64-fedora-clang 2.4 172.28 NOTE
r-devel-linux-x86_64-fedora-gcc 2.4 153.47 NOTE
r-devel-windows-x86_64-new-UL 2.4 26.00 207.00 233.00 NOTE
r-devel-windows-x86_64-new-TK 2.4 NOTE
r-devel-windows-x86_64-old 2.4 26.00 122.00 148.00 NOTE
r-patched-linux-x86_64 2.4 17.87 110.93 128.80 NOTE
r-release-linux-x86_64 2.4 8.02 118.37 126.39 NOTE
r-release-macos-arm64 2.4 NOTE
r-release-macos-x86_64 2.4 NOTE
r-release-windows-ix86+x86_64 2.4 40.00 208.00 248.00 NOTE
r-oldrel-macos-x86_64 2.4 NOTE
r-oldrel-windows-ix86+x86_64 2.4 41.00 168.00 209.00 NOTE

Check Details

Version: 2.4
Check: R code for possible problems
Result: NOTE
    calcStats: no visible global function definition for 'as.formula'
    calcStats: no visible global function definition for 'na.omit'
    Undefined global functions or variables:
     as.formula na.omit
    Consider adding
     importFrom("stats", "as.formula", "na.omit")
    to your NAMESPACE file.
Flavors: r-devel-linux-x86_64-debian-clang, r-devel-linux-x86_64-debian-gcc, r-devel-linux-x86_64-fedora-clang, r-devel-linux-x86_64-fedora-gcc, r-devel-windows-x86_64-new-UL, r-devel-windows-x86_64-new-TK, r-devel-windows-x86_64-old, r-patched-linux-x86_64, r-release-linux-x86_64, r-release-macos-arm64, r-release-macos-x86_64, r-release-windows-ix86+x86_64, r-oldrel-macos-x86_64, r-oldrel-windows-ix86+x86_64