CRAN Package Check Results for Package manipulateWidget

Last updated on 2022-09-26 08:51:38 CEST.

Flavor Version Tinstall Tcheck Ttotal Status Flags
r-devel-linux-x86_64-debian-clang 0.11.1 7.99 72.03 80.02 OK
r-devel-linux-x86_64-debian-gcc 0.11.1 6.84 54.49 61.33 OK
r-devel-linux-x86_64-fedora-clang 0.11.1 109.36 NOTE
r-devel-linux-x86_64-fedora-gcc 0.11.1 113.71 NOTE
r-devel-windows-x86_64 0.11.1 143.00 122.00 265.00 OK
r-patched-linux-x86_64 0.11.1 7.74 67.85 75.59 OK
r-release-linux-x86_64 0.11.1 7.55 67.47 75.02 OK
r-release-macos-arm64 0.11.1 37.00 NOTE
r-release-macos-x86_64 0.11.1 58.00 NOTE
r-release-windows-x86_64 0.11.1 67.00 120.00 187.00 OK
r-oldrel-macos-arm64 0.11.1 39.00 NOTE
r-oldrel-macos-x86_64 0.11.1 56.00 NOTE
r-oldrel-windows-ix86+x86_64 0.11.1 19.00 105.00 124.00 OK

Check Details

Version: 0.11.1
Check: data for non-ASCII characters
Result: NOTE
     Note: found 55 marked UTF-8 strings
Flavors: r-devel-linux-x86_64-fedora-clang, r-devel-linux-x86_64-fedora-gcc, r-release-macos-arm64, r-release-macos-x86_64, r-oldrel-macos-arm64, r-oldrel-macos-x86_64