CRAN Package Check Results for Package manifestoR

Last updated on 2024-02-29 07:52:40 CET.

Flavor Version Tinstall Tcheck Ttotal Status Flags
r-devel-linux-x86_64-debian-clang 1.5.0 10.05 76.18 86.23 NOTE
r-devel-linux-x86_64-debian-gcc 1.5.0 6.55 57.18 63.73 NOTE
r-devel-linux-x86_64-fedora-clang 1.5.0 110.86 NOTE
r-devel-linux-x86_64-fedora-gcc 1.5.0 114.75 NOTE
r-devel-windows-x86_64 1.5.0 10.00 81.00 91.00 NOTE
r-patched-linux-x86_64 1.5.0 18.81 73.63 92.44 NOTE
r-release-linux-x86_64 1.5.0 6.60 73.36 79.96 NOTE
r-release-macos-arm64 1.5.0 39.00 NOTE
r-release-macos-x86_64 1.5.0 60.00 NOTE
r-release-windows-x86_64 1.5.0 13.00 93.00 106.00 NOTE
r-oldrel-macos-arm64 1.5.0 29.00 NOTE
r-oldrel-windows-x86_64 1.5.0 13.00 88.00 101.00 NOTE

Check Details

Version: 1.5.0
Check: LazyData
Result: NOTE 'LazyData' is specified without a 'data' directory Flavors: r-devel-linux-x86_64-debian-clang, r-devel-linux-x86_64-debian-gcc, r-devel-linux-x86_64-fedora-clang, r-devel-linux-x86_64-fedora-gcc, r-devel-windows-x86_64, r-patched-linux-x86_64, r-release-linux-x86_64, r-release-macos-arm64, r-release-macos-x86_64, r-release-windows-x86_64, r-oldrel-macos-arm64, r-oldrel-windows-x86_64