CRAN Package Check Results for Package manifestoR

Last updated on 2020-01-25 08:49:59 CET.

Flavor Version Tinstall Tcheck Ttotal Status Flags
r-devel-linux-x86_64-debian-clang 1.3.0 7.43 55.64 63.07 NOTE
r-devel-linux-x86_64-debian-gcc 1.3.0 6.62 42.82 49.44 NOTE
r-devel-linux-x86_64-fedora-clang 1.3.0 77.71 NOTE
r-devel-linux-x86_64-fedora-gcc 1.3.0 74.63 NOTE
r-devel-windows-ix86+x86_64 1.3.0 32.00 102.00 134.00 NOTE
r-devel-windows-ix86+x86_64-gcc8 1.3.0 28.00 71.00 99.00 NOTE
r-patched-linux-x86_64 1.3.0 6.33 49.32 55.65 NOTE
r-patched-solaris-x86 1.3.0 100.10 NOTE
r-release-linux-x86_64 1.3.0 7.40 49.58 56.98 NOTE
r-release-windows-ix86+x86_64 1.3.0 14.00 97.00 111.00 NOTE
r-release-osx-x86_64 1.3.0 NOTE
r-oldrel-windows-ix86+x86_64 1.3.0 12.00 61.00 73.00 NOTE
r-oldrel-osx-x86_64 1.3.0 OK

Check Details

Version: 1.3.0
Check: R code for possible problems
Result: NOTE
    mp_corpus: no visible binding for global variable 'annotations'
    print.ManifestoAvailability: no visible binding for global variable
     'annotations'
    Undefined global functions or variables:
     annotations
Flavors: r-devel-linux-x86_64-debian-clang, r-devel-linux-x86_64-debian-gcc, r-devel-linux-x86_64-fedora-clang, r-devel-linux-x86_64-fedora-gcc, r-devel-windows-ix86+x86_64, r-devel-windows-ix86+x86_64-gcc8, r-patched-linux-x86_64, r-patched-solaris-x86, r-release-linux-x86_64, r-release-windows-ix86+x86_64, r-release-osx-x86_64, r-oldrel-windows-ix86+x86_64