CRAN Package Check Results for Package manifestoR

Last updated on 2019-08-23 10:48:16 CEST.

Flavor Version Tinstall Tcheck Ttotal Status Flags
r-devel-linux-x86_64-debian-clang 1.3.0 7.22 52.24 59.46 NOTE
r-devel-linux-x86_64-debian-gcc 1.3.0 6.70 40.84 47.54 NOTE
r-devel-linux-x86_64-fedora-clang 1.3.0 77.12 NOTE
r-devel-linux-x86_64-fedora-gcc 1.3.0 69.97 NOTE
r-devel-windows-ix86+x86_64 1.3.0 17.00 60.00 77.00 NOTE
r-patched-linux-x86_64 1.3.0 6.56 51.17 57.73 NOTE
r-patched-solaris-x86 1.3.0 105.40 NOTE
r-release-linux-x86_64 1.3.0 7.82 50.64 58.46 NOTE
r-release-windows-ix86+x86_64 1.3.0 26.00 92.00 118.00 NOTE
r-release-osx-x86_64 1.3.0 NOTE
r-oldrel-windows-ix86+x86_64 1.3.0 24.00 98.00 122.00 NOTE
r-oldrel-osx-x86_64 1.3.0 OK

Check Details

Version: 1.3.0
Check: R code for possible problems
Result: NOTE
    mp_corpus: no visible binding for global variable 'annotations'
    print.ManifestoAvailability: no visible binding for global variable
     'annotations'
    Undefined global functions or variables:
     annotations
Flavors: r-devel-linux-x86_64-debian-clang, r-devel-linux-x86_64-debian-gcc, r-devel-linux-x86_64-fedora-clang, r-devel-linux-x86_64-fedora-gcc, r-devel-windows-ix86+x86_64, r-patched-linux-x86_64, r-patched-solaris-x86, r-release-linux-x86_64, r-release-windows-ix86+x86_64, r-release-osx-x86_64, r-oldrel-windows-ix86+x86_64