Last updated on 2023-03-24 07:54:45 CET.
Flavor | Version | Tinstall | Tcheck | Ttotal | Status | Flags |
---|---|---|---|---|---|---|
r-devel-linux-x86_64-debian-clang | 1.5.0 | 9.48 | 77.21 | 86.69 | NOTE | |
r-devel-linux-x86_64-debian-gcc | 1.5.0 | 8.11 | 56.31 | 64.42 | NOTE | |
r-devel-linux-x86_64-fedora-clang | 1.5.0 | 110.75 | NOTE | |||
r-devel-linux-x86_64-fedora-gcc | 1.5.0 | 116.84 | NOTE | |||
r-patched-linux-x86_64 | 1.5.0 | 18.13 | 71.85 | 89.98 | NOTE | |
r-release-linux-x86_64 | 1.5.0 | 10.91 | 72.02 | 82.93 | NOTE | |
r-release-macos-arm64 | 1.5.0 | 29.00 | NOTE | |||
r-release-macos-x86_64 | 1.5.0 | 60.00 | NOTE | |||
r-release-windows-x86_64 | 1.5.0 | 69.00 | 107.00 | 176.00 | NOTE | |
r-oldrel-macos-arm64 | 1.5.0 | 35.00 | NOTE | |||
r-oldrel-macos-x86_64 | 1.5.0 | 49.00 | NOTE | |||
r-oldrel-windows-ix86+x86_64 | 1.5.0 | 22.00 | 116.00 | 138.00 | NOTE |
Version: 1.5.0
Check: LazyData
Result: NOTE
'LazyData' is specified without a 'data' directory
Flavors: r-devel-linux-x86_64-debian-clang, r-devel-linux-x86_64-debian-gcc, r-devel-linux-x86_64-fedora-clang, r-devel-linux-x86_64-fedora-gcc, r-patched-linux-x86_64, r-release-linux-x86_64, r-release-macos-arm64, r-release-macos-x86_64, r-release-windows-x86_64, r-oldrel-macos-arm64, r-oldrel-macos-x86_64, r-oldrel-windows-ix86+x86_64