CRAN Package Check Results for Package malariaAtlas

Last updated on 2023-02-07 09:57:48 CET.

Flavor Version Tinstall Tcheck Ttotal Status Flags
r-devel-linux-x86_64-debian-clang 1.0.1 8.63 130.03 138.66 NOTE
r-devel-linux-x86_64-debian-gcc 1.0.1 6.87 95.97 102.84 NOTE
r-devel-linux-x86_64-fedora-clang 1.0.1 174.17 NOTE
r-devel-linux-x86_64-fedora-gcc 1.0.1 173.96 NOTE
r-devel-windows-x86_64 1.0.1 51.00 226.00 277.00 NOTE
r-patched-linux-x86_64 1.0.1 13.03 121.06 134.09 NOTE
r-release-linux-x86_64 1.0.1 8.37 121.98 130.35 NOTE
r-release-macos-arm64 1.0.1 104.00 NOTE
r-release-macos-x86_64 1.0.1 148.00 NOTE
r-release-windows-x86_64 1.0.1 33.00 246.00 279.00 NOTE
r-oldrel-macos-arm64 1.0.1 952.00 NOTE
r-oldrel-macos-x86_64 1.0.1 59.00 NOTE
r-oldrel-windows-ix86+x86_64 1.0.1 20.00 232.00 252.00 NOTE

Check Details

Version: 1.0.1
Check: LazyData
Result: NOTE
     'LazyData' is specified without a 'data' directory
Flavors: r-devel-linux-x86_64-debian-clang, r-devel-linux-x86_64-debian-gcc, r-devel-linux-x86_64-fedora-clang, r-devel-linux-x86_64-fedora-gcc, r-devel-windows-x86_64, r-patched-linux-x86_64, r-release-linux-x86_64, r-release-macos-arm64, r-release-macos-x86_64, r-release-windows-x86_64, r-oldrel-macos-arm64, r-oldrel-macos-x86_64, r-oldrel-windows-ix86+x86_64

Version: 1.0.1
Check: dependencies in R code
Result: NOTE
    Namespace in Imports field not imported from: ‘grid’
     All declared Imports should be used.
Flavors: r-devel-linux-x86_64-fedora-clang, r-devel-linux-x86_64-fedora-gcc, r-release-macos-arm64, r-release-macos-x86_64, r-oldrel-macos-arm64, r-oldrel-macos-x86_64