Last updated on 2022-05-16 21:50:24 CEST.
Flavor | Version | Tinstall | Tcheck | Ttotal | Status | Flags |
---|---|---|---|---|---|---|
r-devel-linux-x86_64-debian-clang | 1.0.2 | 307.96 | 112.61 | 420.57 | OK | |
r-devel-linux-x86_64-debian-gcc | 1.0.2 | 252.20 | 83.17 | 335.37 | OK | |
r-devel-linux-x86_64-fedora-clang | 1.0.2 | 633.09 | NOTE | |||
r-devel-linux-x86_64-fedora-gcc | 1.0.2 | 556.37 | OK | |||
r-devel-windows-x86_64 | 1.0.2 | 276.00 | 160.00 | 436.00 | OK | |
r-patched-linux-x86_64 | 1.0.2 | 256.72 | 103.42 | 360.14 | OK | |
r-release-linux-x86_64 | 1.0.2 | 279.75 | 103.28 | 383.03 | OK | |
r-release-macos-arm64 | 1.0.2 | 141.00 | NOTE | |||
r-release-macos-x86_64 | 1.0.2 | 234.00 | NOTE | |||
r-release-windows-x86_64 | 1.0.2 | 282.00 | 162.00 | 444.00 | OK | |
r-oldrel-macos-arm64 | 1.0.2 | 188.00 | NOTE | |||
r-oldrel-macos-x86_64 | 1.0.2 | 241.00 | NOTE | |||
r-oldrel-windows-ix86+x86_64 | 1.0.2 | 781.00 | 183.00 | 964.00 | OK |
Version: 1.0.2
Check: installed package size
Result: NOTE
installed size is 8.6Mb
sub-directories of 1Mb or more:
libs 7.6Mb
Flavors: r-devel-linux-x86_64-fedora-clang, r-release-macos-arm64, r-release-macos-x86_64, r-oldrel-macos-arm64, r-oldrel-macos-x86_64