CRAN Package Check Results for Package maketools

Last updated on 2022-01-22 07:52:48 CET.

Flavor Version Tinstall Tcheck Ttotal Status Flags
r-devel-linux-x86_64-debian-clang 1.2.0 2.94 41.90 44.84 NOTE
r-devel-linux-x86_64-debian-gcc 1.2.0 2.22 32.44 34.66 NOTE
r-devel-linux-x86_64-fedora-clang 1.2.0 56.80 NOTE
r-devel-linux-x86_64-fedora-gcc 1.2.0 43.96 NOTE
r-devel-windows-x86_64-new-UL 1.2.0 51.00 161.00 212.00 NOTE
r-devel-windows-x86_64-new-TK 1.2.0 NOTE
r-patched-linux-x86_64 1.2.0 2.99 39.70 42.69 NOTE
r-release-linux-x86_64 1.2.0 2.17 40.39 42.56 NOTE
r-release-macos-arm64 1.2.0 NOTE
r-release-macos-x86_64 1.2.0 NOTE
r-release-windows-ix86+x86_64 1.2.0 16.00 88.00 104.00 NOTE
r-oldrel-macos-x86_64 1.2.0 OK
r-oldrel-windows-ix86+x86_64 1.2.0 16.00 91.00 107.00 OK

Check Details

Version: 1.2.0
Check: LazyData
Result: NOTE
     'LazyData' is specified without a 'data' directory
Flavors: r-devel-linux-x86_64-debian-clang, r-devel-linux-x86_64-debian-gcc, r-devel-linux-x86_64-fedora-clang, r-devel-linux-x86_64-fedora-gcc, r-devel-windows-x86_64-new-UL, r-devel-windows-x86_64-new-TK, r-patched-linux-x86_64, r-release-linux-x86_64, r-release-macos-arm64, r-release-macos-x86_64, r-release-windows-ix86+x86_64