Last updated on 2023-01-31 19:56:27 CET.
Flavor | Version | Tinstall | Tcheck | Ttotal | Status | Flags |
---|---|---|---|---|---|---|
r-devel-linux-x86_64-debian-clang | 0.2.1 | 7.21 | 52.05 | 59.26 | OK | |
r-devel-linux-x86_64-debian-gcc | 0.2.1 | 4.76 | 39.81 | 44.57 | OK | |
r-devel-linux-x86_64-fedora-clang | 0.2.1 | 76.61 | NOTE | |||
r-devel-linux-x86_64-fedora-gcc | 0.2.1 | 83.43 | NOTE | |||
r-devel-windows-x86_64 | 0.2.1 | 43.00 | 89.00 | 132.00 | OK | |
r-patched-linux-x86_64 | 0.2.1 | 6.00 | 50.62 | 56.62 | OK | |
r-release-linux-x86_64 | 0.2.1 | 6.32 | 49.91 | 56.23 | OK | |
r-release-macos-arm64 | 0.2.1 | 33.00 | NOTE | |||
r-release-macos-x86_64 | 0.2.1 | 37.00 | NOTE | |||
r-release-windows-x86_64 | 0.2.1 | 34.00 | 94.00 | 128.00 | OK | |
r-oldrel-macos-arm64 | 0.2.1 | 32.00 | NOTE | |||
r-oldrel-macos-x86_64 | 0.2.1 | 40.00 | NOTE | |||
r-oldrel-windows-ix86+x86_64 | 0.2.1 | 16.00 | 78.00 | 94.00 | OK |
Version: 0.2.1
Check: dependencies in R code
Result: NOTE
Namespaces in Imports field not imported from:
‘cli’ ‘nomnoml’
All declared Imports should be used.
Flavors: r-devel-linux-x86_64-fedora-clang, r-devel-linux-x86_64-fedora-gcc, r-release-macos-arm64, r-release-macos-x86_64, r-oldrel-macos-arm64, r-oldrel-macos-x86_64