CRAN Package Check Results for Package makepipe

Last updated on 2024-02-26 19:50:13 CET.

Flavor Version Tinstall Tcheck Ttotal Status Flags
r-devel-linux-x86_64-debian-clang 0.2.1 7.15 55.09 62.24 OK
r-devel-linux-x86_64-debian-gcc 0.2.1 6.04 41.82 47.86 OK
r-devel-linux-x86_64-fedora-clang 0.2.1 80.30 NOTE
r-devel-linux-x86_64-fedora-gcc 0.2.1 88.41 NOTE
r-devel-windows-x86_64 0.2.1 8.00 67.00 75.00 OK
r-patched-linux-x86_64 0.2.1 7.96 53.20 61.16 OK
r-release-linux-x86_64 0.2.1 5.19 53.55 58.74 OK
r-release-macos-arm64 0.2.1 33.00 OK
r-release-macos-x86_64 0.2.1 40.00 OK
r-release-windows-x86_64 0.2.1 10.00 72.00 82.00 OK
r-oldrel-macos-arm64 0.2.1 33.00 NOTE
r-oldrel-windows-x86_64 0.2.1 11.00 70.00 81.00 OK

Check Details

Version: 0.2.1
Check: dependencies in R code
Result: NOTE Namespaces in Imports field not imported from: ‘cli’ ‘nomnoml’ All declared Imports should be used. Flavors: r-devel-linux-x86_64-fedora-clang, r-devel-linux-x86_64-fedora-gcc, r-oldrel-macos-arm64