CRAN Package Check Results for Package maic

Last updated on 2022-01-18 20:50:43 CET.

Flavor Version Tinstall Tcheck Ttotal Status Flags
r-devel-linux-x86_64-debian-clang 0.1.3 3.35 47.31 50.66 OK
r-devel-linux-x86_64-debian-gcc 0.1.3 1.93 36.89 38.82 OK
r-devel-linux-x86_64-fedora-clang 0.1.3 62.36 OK
r-devel-linux-x86_64-fedora-gcc 0.1.3 50.27 OK
r-devel-windows-x86_64-new-UL 0.1.3 26.00 72.00 98.00 OK
r-devel-windows-x86_64-new-TK 0.1.3 ERROR
r-patched-linux-x86_64 0.1.3 7.35 45.68 53.03 OK
r-release-linux-x86_64 0.1.3 OK
r-release-macos-arm64 0.1.3 OK
r-release-macos-x86_64 0.1.3 OK
r-release-windows-ix86+x86_64 0.1.3 7.00 58.00 65.00 OK
r-oldrel-macos-x86_64 0.1.3 OK
r-oldrel-windows-ix86+x86_64 0.1.3 7.00 59.00 66.00 OK

Check Details

Version: 0.1.3
Check: package dependencies
Result: ERROR
    Package required but not available: 'weights'
    
    See section 'The DESCRIPTION file' in the 'Writing R Extensions'
    manual.
Flavor: r-devel-windows-x86_64-new-TK