CRAN Package Check Results for Package magick

Last updated on 2022-08-07 09:54:02 CEST.

Flavor Version Tinstall Tcheck Ttotal Status Flags
r-devel-linux-x86_64-debian-clang 2.7.3 147.90 258.43 406.33 OK
r-devel-linux-x86_64-debian-gcc 2.7.3 111.05 158.26 269.31 OK
r-devel-linux-x86_64-fedora-clang 2.7.3 557.27 NOTE
r-devel-linux-x86_64-fedora-gcc 2.7.3 453.09 OK
r-devel-windows-x86_64 2.7.3 219.00 391.00 610.00 NOTE
r-patched-linux-x86_64 2.7.3 127.94 200.17 328.11 OK
r-release-linux-x86_64 2.7.3 129.85 203.00 332.85 OK
r-release-macos-arm64 2.7.3 110.00 NOTE
r-release-macos-x86_64 2.7.3 193.00 NOTE
r-release-windows-x86_64 2.7.3 246.00 389.00 635.00 NOTE
r-oldrel-macos-arm64 2.7.3 132.00 NOTE
r-oldrel-macos-x86_64 2.7.3 174.00 NOTE
r-oldrel-windows-ix86+x86_64 2.7.3 392.00 448.00 840.00 NOTE

Check Details

Version: 2.7.3
Check: installed package size
Result: NOTE
     installed size is 11.7Mb
     sub-directories of 1Mb or more:
     doc 6.6Mb
     libs 4.7Mb
Flavors: r-devel-linux-x86_64-fedora-clang, r-devel-windows-x86_64, r-release-macos-arm64, r-release-macos-x86_64, r-release-windows-x86_64, r-oldrel-macos-arm64, r-oldrel-macos-x86_64, r-oldrel-windows-ix86+x86_64

Version: 2.7.3
Check: package dependencies
Result: NOTE
    Packages suggested but not available for checking: 'pdftools', 'tesseract'
Flavor: r-release-macos-x86_64

Version: 2.7.3
Check: Rd cross-references
Result: NOTE
    Packages unavailable to check Rd xrefs: ‘pdftools’, ‘tesseract’
Flavor: r-release-macos-x86_64