CRAN Package Check Results for Package maditr

Last updated on 2021-09-23 08:51:06 CEST.

Flavor Version Tinstall Tcheck Ttotal Status Flags
r-devel-linux-x86_64-debian-clang 0.8.2 3.96 49.98 53.94 OK
r-devel-linux-x86_64-debian-gcc 0.8.2 2.93 35.54 38.47 OK
r-devel-linux-x86_64-fedora-clang 0.8.2 67.42 OK
r-devel-linux-x86_64-fedora-gcc 0.8.2 56.03 OK
r-devel-windows-x86_64 0.8.2 6.00 46.00 52.00 OK
r-devel-windows-x86_64-gcc10-UCRT 0.8.2 ERROR
r-patched-linux-x86_64 0.8.2 3.93 43.57 47.50 OK
r-patched-solaris-x86 0.8.2 77.20 OK
r-release-linux-x86_64 0.8.2 2.99 42.97 45.96 OK
r-release-macos-arm64 0.8.2 OK
r-release-macos-x86_64 0.8.2 OK
r-release-windows-ix86+x86_64 0.8.2 8.00 46.00 54.00 OK
r-oldrel-macos-x86_64 0.8.2 OK
r-oldrel-windows-ix86+x86_64 0.8.2 16.00 44.00 60.00 OK

Check Details

Version: 0.8.2
Check: PDF version of manual
Result: WARN
    LaTeX errors when creating PDF version.
    This typically indicates Rd problems.
Flavor: r-devel-windows-x86_64-gcc10-UCRT

Version: 0.8.2
Check: PDF version of manual without hyperrefs or index
Result: ERROR
    Re-running with no redirection of stdout/stderr.
Flavor: r-devel-windows-x86_64-gcc10-UCRT