CRAN Package Check Results for Package madgrad

Last updated on 2024-03-04 07:48:32 CET.

Flavor Version Tinstall Tcheck Ttotal Status Flags
r-devel-linux-x86_64-debian-clang 0.1.0 5.38 36.96 42.34 OK
r-devel-linux-x86_64-debian-gcc 0.1.0 4.23 29.06 33.29 OK
r-devel-linux-x86_64-fedora-clang 0.1.0 54.79 NOTE
r-devel-linux-x86_64-fedora-gcc 0.1.0 49.89 NOTE
r-devel-windows-x86_64 0.1.0 6.00 48.00 54.00 OK
r-patched-linux-x86_64 0.1.0 5.35 35.48 40.83 OK
r-release-linux-x86_64 0.1.0 5.01 36.05 41.06 OK
r-release-macos-arm64 0.1.0 18.00 OK
r-release-macos-x86_64 0.1.0 24.00 OK
r-release-windows-x86_64 0.1.0 7.00 50.00 57.00 OK
r-oldrel-macos-arm64 0.1.0 19.00 NOTE
r-oldrel-windows-x86_64 0.1.0 7.00 58.00 65.00 OK

Check Details

Version: 0.1.0
Check: dependencies in R code
Result: NOTE Namespaces in Imports field not imported from: ‘rlang’ ‘torch’ All declared Imports should be used. Flavors: r-devel-linux-x86_64-fedora-clang, r-devel-linux-x86_64-fedora-gcc, r-oldrel-macos-arm64