CRAN Package Check Results for Package mRpostman

Last updated on 2021-12-01 07:50:29 CET.

Flavor Version Tinstall Tcheck Ttotal Status Flags
r-devel-linux-x86_64-debian-clang 1.0.0 7.86 42.69 50.55 NOTE
r-devel-linux-x86_64-debian-gcc 1.0.0 4.23 35.59 39.82 NOTE
r-devel-linux-x86_64-fedora-clang 1.0.0 71.93 NOTE
r-devel-linux-x86_64-fedora-gcc 1.0.0 59.51 NOTE
r-devel-windows-x86_64-new-UL 1.0.0 19.00 90.00 109.00 NOTE
r-devel-windows-x86_64-new-TK 1.0.0 NOTE
r-devel-windows-x86_64-old 1.0.0 13.00 48.00 61.00 NOTE
r-patched-linux-x86_64 1.0.0 7.13 42.31 49.44 NOTE
r-patched-solaris-x86 1.0.0 76.70 NOTE
r-release-linux-x86_64 1.0.0 7.06 42.56 49.62 NOTE
r-release-macos-arm64 1.0.0 NOTE
r-release-macos-x86_64 1.0.0 NOTE
r-release-windows-ix86+x86_64 1.0.0 12.00 46.00 58.00 NOTE
r-oldrel-macos-x86_64 1.0.0 OK
r-oldrel-windows-ix86+x86_64 1.0.0 10.00 61.00 71.00 OK

Check Details

Version: 1.0.0
Check: LazyData
Result: NOTE
     'LazyData' is specified without a 'data' directory
Flavors: r-devel-linux-x86_64-debian-clang, r-devel-linux-x86_64-debian-gcc, r-devel-linux-x86_64-fedora-clang, r-devel-linux-x86_64-fedora-gcc, r-devel-windows-x86_64-new-UL, r-devel-windows-x86_64-new-TK, r-devel-windows-x86_64-old, r-patched-linux-x86_64, r-patched-solaris-x86, r-release-linux-x86_64, r-release-macos-arm64, r-release-macos-x86_64, r-release-windows-ix86+x86_64