CRAN Package Check Results for Package m2r

Last updated on 2023-09-28 09:58:08 CEST.

Flavor Version Tinstall Tcheck Ttotal Status Flags
r-devel-linux-x86_64-debian-clang 1.0.2 30.95 77.76 108.71 NOTE
r-devel-linux-x86_64-debian-gcc 1.0.2 25.39 58.81 84.20 NOTE
r-devel-linux-x86_64-fedora-clang 1.0.2 148.46 NOTE
r-devel-linux-x86_64-fedora-gcc 1.0.2 154.99 NOTE
r-devel-windows-x86_64 1.0.2 30.00 105.00 135.00 NOTE
r-patched-linux-x86_64 1.0.2 30.80 73.11 103.91 NOTE
r-release-linux-x86_64 1.0.2 23.27 73.66 96.93 NOTE
r-release-macos-arm64 1.0.2 50.00 NOTE
r-release-macos-x86_64 1.0.2 79.00 NOTE
r-release-windows-x86_64 1.0.2 40.00 113.00 153.00 NOTE
r-oldrel-macos-arm64 1.0.2 39.00 NOTE
r-oldrel-macos-x86_64 1.0.2 74.00 NOTE
r-oldrel-windows-x86_64 1.0.2 37.00 111.00 148.00 NOTE

Check Details

Version: 1.0.2
Check: LazyData
Result: NOTE
     'LazyData' is specified without a 'data' directory
Flavors: r-devel-linux-x86_64-debian-clang, r-devel-linux-x86_64-debian-gcc, r-devel-linux-x86_64-fedora-clang, r-devel-linux-x86_64-fedora-gcc, r-devel-windows-x86_64, r-patched-linux-x86_64, r-release-linux-x86_64, r-release-macos-arm64, r-release-macos-x86_64, r-release-windows-x86_64, r-oldrel-macos-arm64, r-oldrel-macos-x86_64, r-oldrel-windows-x86_64