CRAN Package Check Results for Package lvmisc

Last updated on 2021-09-23 08:51:06 CEST.

Flavor Version Tinstall Tcheck Ttotal Status Flags
r-devel-linux-x86_64-debian-clang 0.1.1 4.10 81.36 85.46 OK
r-devel-linux-x86_64-debian-gcc 0.1.1 3.62 61.08 64.70 OK
r-devel-linux-x86_64-fedora-clang 0.1.1 108.62 OK
r-devel-linux-x86_64-fedora-gcc 0.1.1 96.26 OK
r-devel-windows-x86_64 0.1.1 5.00 88.00 93.00 OK
r-devel-windows-x86_64-gcc10-UCRT 0.1.1 ERROR
r-patched-linux-x86_64 0.1.1 4.41 77.21 81.62 OK
r-patched-solaris-x86 0.1.1 143.00 OK
r-release-linux-x86_64 0.1.1 3.11 78.82 81.93 OK
r-release-macos-arm64 0.1.1 OK
r-release-macos-x86_64 0.1.1 OK
r-release-windows-ix86+x86_64 0.1.1 9.00 82.00 91.00 OK
r-oldrel-macos-x86_64 0.1.1 OK
r-oldrel-windows-ix86+x86_64 0.1.1 7.00 83.00 90.00 OK

Check Details

Version: 0.1.1
Check: package dependencies
Result: NOTE
    Packages suggested but not available for checking: 'devtools', 'vdiffr'
Flavor: r-devel-windows-x86_64-gcc10-UCRT

Version: 0.1.1
Check: PDF version of manual
Result: WARN
    LaTeX errors when creating PDF version.
    This typically indicates Rd problems.
Flavor: r-devel-windows-x86_64-gcc10-UCRT

Version: 0.1.1
Check: PDF version of manual without hyperrefs or index
Result: ERROR
    Re-running with no redirection of stdout/stderr.
Flavor: r-devel-windows-x86_64-gcc10-UCRT