CRAN Package Check Results for Package lsa

Last updated on 2020-01-17 09:51:28 CET.

Flavor Version Tinstall Tcheck Ttotal Status Flags
r-devel-linux-x86_64-debian-clang 0.73.1 3.81 32.70 36.51 NOTE
r-devel-linux-x86_64-debian-gcc 0.73.1 2.71 27.14 29.85 NOTE
r-devel-linux-x86_64-fedora-clang 0.73.1 44.97 NOTE
r-devel-linux-x86_64-fedora-gcc 0.73.1 43.63 NOTE
r-devel-windows-ix86+x86_64 0.73.1 11.00 71.00 82.00 NOTE
r-devel-windows-ix86+x86_64-gcc8 0.73.1 7.00 76.00 83.00 NOTE
r-patched-linux-x86_64 0.73.1 2.76 30.83 33.59 NOTE
r-patched-solaris-x86 0.73.1 63.00 NOTE
r-release-linux-x86_64 0.73.1 3.25 31.41 34.66 NOTE
r-release-windows-ix86+x86_64 0.73.1 11.00 65.00 76.00 NOTE
r-release-osx-x86_64 0.73.1 NOTE
r-oldrel-windows-ix86+x86_64 0.73.1 13.00 51.00 64.00 NOTE
r-oldrel-osx-x86_64 0.73.1 NOTE

Check Details

Version: 0.73.1
Check: R code for possible problems
Result: NOTE
    associate: no visible global function definition for 'cor'
    textmatrix: no visible global function definition for 'xtabs'
    textvector: no visible global function definition for 'data'
    Undefined global functions or variables:
     cor data xtabs
    Consider adding
     importFrom("stats", "cor", "xtabs")
     importFrom("utils", "data")
    to your NAMESPACE file.
Flavors: r-devel-linux-x86_64-debian-clang, r-devel-linux-x86_64-debian-gcc, r-devel-linux-x86_64-fedora-clang, r-devel-linux-x86_64-fedora-gcc, r-devel-windows-ix86+x86_64, r-devel-windows-ix86+x86_64-gcc8, r-patched-linux-x86_64, r-patched-solaris-x86, r-release-linux-x86_64, r-release-windows-ix86+x86_64, r-release-osx-x86_64, r-oldrel-windows-ix86+x86_64, r-oldrel-osx-x86_64

Version: 0.73.1
Check: data for non-ASCII characters
Result: NOTE
     Note: found 143 marked Latin-1 strings
     Note: found 833 marked UTF-8 strings
Flavors: r-devel-linux-x86_64-fedora-clang, r-devel-linux-x86_64-fedora-gcc, r-patched-solaris-x86, r-release-osx-x86_64, r-oldrel-osx-x86_64