CRAN Package Check Results for Package lpirfs

Last updated on 2021-12-07 19:49:49 CET.

Flavor Version Tinstall Tcheck Ttotal Status Flags
r-devel-linux-x86_64-debian-clang 0.2.0 123.96 201.12 325.08 OK
r-devel-linux-x86_64-debian-gcc 0.2.0 92.39 143.49 235.88 OK
r-devel-linux-x86_64-fedora-clang 0.2.0 436.59 NOTE
r-devel-linux-x86_64-fedora-gcc 0.2.0 400.01 OK
r-devel-windows-x86_64-new-UL 0.2.0 165.00 411.00 576.00 OK
r-devel-windows-x86_64-new-TK 0.2.0 OK
r-devel-windows-x86_64-old 0.2.0 172.00 281.00 453.00 OK
r-patched-linux-x86_64 0.2.0 124.07 181.76 305.83 OK
r-release-linux-x86_64 0.2.0 118.45 181.42 299.87 OK
r-release-macos-arm64 0.2.0 NOTE
r-release-macos-x86_64 0.2.0 OK
r-release-windows-ix86+x86_64 0.2.0 281.00 547.00 828.00 OK
r-oldrel-macos-x86_64 0.2.0 OK
r-oldrel-windows-ix86+x86_64 0.2.0 325.00 544.00 869.00 OK

Check Details

Version: 0.2.0
Check: installed package size
Result: NOTE
     installed size is 5.5Mb
     sub-directories of 1Mb or more:
     libs 3.9Mb
Flavors: r-devel-linux-x86_64-fedora-clang, r-release-macos-arm64