CRAN Package Check Results for Package lowmemtkmeans

Last updated on 2020-02-27 09:49:39 CET.

Flavor Version Tinstall Tcheck Ttotal Status Flags
r-devel-linux-x86_64-debian-clang 0.1.2 30.24 25.64 55.88 OK
r-devel-linux-x86_64-debian-gcc 0.1.2 20.94 20.58 41.52 OK
r-devel-linux-x86_64-fedora-clang 0.1.2 77.57 NOTE
r-devel-linux-x86_64-fedora-gcc 0.1.2 73.19 NOTE
r-devel-windows-ix86+x86_64 0.1.2 58.00 60.00 118.00 OK
r-devel-windows-ix86+x86_64-gcc8 0.1.2 64.00 62.00 126.00 OK
r-patched-linux-x86_64 0.1.2 26.84 23.34 50.18 OK
r-patched-solaris-x86 0.1.2 80.40 OK
r-release-linux-x86_64 0.1.2 24.85 23.57 48.42 OK
r-release-windows-ix86+x86_64 0.1.2 58.00 57.00 115.00 OK
r-release-osx-x86_64 0.1.2 OK
r-oldrel-windows-ix86+x86_64 0.1.2 59.00 58.00 117.00 OK
r-oldrel-osx-x86_64 0.1.2 OK

Check Details

Version: 0.1.2
Check: compiled code
Result: NOTE
    File ‘lowmemtkmeans/libs/lowmemtkmeans.so’:
     Found no calls to: ‘R_registerRoutines’, ‘R_useDynamicSymbols’
    
    It is good practice to register native routines and to disable symbol
    search.
    
    See ‘Writing portable packages’ in the ‘Writing R Extensions’ manual.
Flavors: r-devel-linux-x86_64-fedora-clang, r-devel-linux-x86_64-fedora-gcc