CRAN Package Check Results for Package lorentz

Last updated on 2021-09-21 20:51:09 CEST.

Flavor Version Tinstall Tcheck Ttotal Status Flags
r-devel-linux-x86_64-debian-clang 1.0-5 2.94 49.40 52.34 NOTE
r-devel-linux-x86_64-debian-gcc 1.0-5 2.62 38.58 41.20 NOTE
r-devel-linux-x86_64-fedora-clang 1.0-5 72.55 NOTE
r-devel-linux-x86_64-fedora-gcc 1.0-5 61.20 NOTE
r-devel-windows-x86_64 1.0-5 8.00 57.00 65.00 NOTE
r-devel-windows-x86_64-gcc10-UCRT 1.0-5 ERROR
r-patched-linux-x86_64 1.0-5 2.99 47.24 50.23 NOTE
r-patched-solaris-x86 1.0-5 90.10 NOTE
r-release-linux-x86_64 1.0-5 2.90 47.17 50.07 NOTE
r-release-macos-arm64 1.0-5 NOTE
r-release-macos-x86_64 1.0-5 NOTE
r-release-windows-ix86+x86_64 1.0-5 8.00 58.00 66.00 NOTE
r-oldrel-macos-x86_64 1.0-5 OK
r-oldrel-windows-ix86+x86_64 1.0-5 7.00 58.00 65.00 OK

Check Details

Version: 1.0-5
Check: LazyData
Result: NOTE
     'LazyData' is specified without a 'data' directory
Flavors: r-devel-linux-x86_64-debian-clang, r-devel-linux-x86_64-debian-gcc, r-devel-linux-x86_64-fedora-clang, r-devel-linux-x86_64-fedora-gcc, r-devel-windows-x86_64, r-devel-windows-x86_64-gcc10-UCRT, r-patched-linux-x86_64, r-patched-solaris-x86, r-release-linux-x86_64, r-release-macos-arm64, r-release-macos-x86_64, r-release-windows-ix86+x86_64

Version: 1.0-5
Check: whether package can be installed
Result: WARN
    Found the following significant warnings:
     WARNING: installation-time patches will not be applied, could not get the patches index
Flavor: r-devel-windows-x86_64-gcc10-UCRT

Version: 1.0-5
Check: PDF version of manual
Result: WARN
    LaTeX errors when creating PDF version.
    This typically indicates Rd problems.
Flavor: r-devel-windows-x86_64-gcc10-UCRT

Version: 1.0-5
Check: PDF version of manual without hyperrefs or index
Result: ERROR
    Re-running with no redirection of stdout/stderr.
Flavor: r-devel-windows-x86_64-gcc10-UCRT