CRAN Package Check Results for Package lokern

Last updated on 2021-09-23 08:51:06 CEST.

Flavor Version Tinstall Tcheck Ttotal Status Flags
r-devel-linux-x86_64-debian-clang 1.1-9 4.66 30.68 35.34 OK
r-devel-linux-x86_64-debian-gcc 1.1-9 3.90 24.46 28.36 OK
r-devel-linux-x86_64-fedora-clang 1.1-9 53.01 OK
r-devel-linux-x86_64-fedora-gcc 1.1-9 42.51 OK
r-devel-windows-x86_64 1.1-9 8.00 40.00 48.00 OK
r-devel-windows-x86_64-gcc10-UCRT 1.1-9 ERROR
r-patched-linux-x86_64 1.1-9 5.85 30.10 35.95 OK
r-patched-solaris-x86 1.1-9 63.60 OK --no-tests
r-release-linux-x86_64 1.1-9 4.55 30.32 34.87 OK
r-release-macos-arm64 1.1-9 OK
r-release-macos-x86_64 1.1-9 OK
r-release-windows-ix86+x86_64 1.1-9 18.00 50.00 68.00 OK
r-oldrel-macos-x86_64 1.1-9 OK
r-oldrel-windows-ix86+x86_64 1.1-9 33.00 46.00 79.00 OK

Check Details

Version: 1.1-9
Check: whether package can be installed
Result: ERROR
    Installation failed.
Flavor: r-devel-windows-x86_64-gcc10-UCRT