CRAN Package Check Results for Package logger

Last updated on 2021-09-25 20:50:32 CEST.

Flavor Version Tinstall Tcheck Ttotal Status Flags
r-devel-linux-x86_64-debian-clang 0.2.1 3.79 49.17 52.96 OK
r-devel-linux-x86_64-debian-gcc 0.2.1 2.69 37.94 40.63 OK
r-devel-linux-x86_64-fedora-clang 0.2.1 70.83 OK
r-devel-linux-x86_64-fedora-gcc 0.2.1 60.95 OK
r-devel-windows-x86_64 0.2.1 5.00 64.00 69.00 NOTE
r-devel-windows-x86_64-gcc10-UCRT 0.2.1 NOTE
r-patched-linux-x86_64 0.2.1 3.91 50.00 53.91 OK
r-patched-solaris-x86 0.2.1 80.20 OK
r-release-linux-x86_64 0.2.1 3.26 50.49 53.75 OK
r-release-macos-arm64 0.2.1 OK
r-release-macos-x86_64 0.2.1 OK
r-release-windows-ix86+x86_64 0.2.1 9.00 62.00 71.00 NOTE
r-oldrel-macos-x86_64 0.2.1 OK
r-oldrel-windows-ix86+x86_64 0.2.1 20.00 61.00 81.00 NOTE

Check Details

Version: 0.2.1
Check: package dependencies
Result: NOTE
    Package suggested but not available for checking: 'rsyslog'
Flavors: r-devel-windows-x86_64, r-devel-windows-x86_64-gcc10-UCRT, r-release-windows-ix86+x86_64, r-oldrel-windows-ix86+x86_64

Version: 0.2.1
Check: Rd cross-references
Result: NOTE
    Package unavailable to check Rd xrefs: 'rsyslog'
Flavors: r-devel-windows-x86_64, r-devel-windows-x86_64-gcc10-UCRT, r-release-windows-ix86+x86_64, r-oldrel-windows-ix86+x86_64