CRAN Package Check Results for Package logKDE

Last updated on 2023-06-05 21:59:10 CEST.

Flavor Version Tinstall Tcheck Ttotal Status Flags
r-devel-linux-x86_64-debian-clang 0.3.2 19.07 63.01 82.08 NOTE
r-devel-linux-x86_64-debian-gcc 0.3.2 14.95 49.75 64.70 NOTE
r-devel-linux-x86_64-fedora-clang 0.3.2 112.92 NOTE
r-devel-linux-x86_64-fedora-gcc 0.3.2 118.79 NOTE
r-devel-windows-x86_64 0.3.2 18.00 94.00 112.00 NOTE
r-patched-linux-x86_64 0.3.2 18.90 62.71 81.61 NOTE
r-release-linux-x86_64 0.3.2 16.06 61.59 77.65 NOTE
r-release-macos-arm64 0.3.2 41.00 NOTE
r-release-macos-x86_64 0.3.2 65.00 NOTE
r-release-windows-x86_64 0.3.2 16.00 103.00 119.00 NOTE
r-oldrel-macos-arm64 0.3.2 33.00 NOTE
r-oldrel-macos-x86_64 0.3.2 46.00 NOTE
r-oldrel-windows-x86_64 0.3.2 20.00 102.00 122.00 NOTE

Check Details

Version: 0.3.2
Check: C++ specification
Result: NOTE
     Specified C++11: please drop specification unless essential
Flavors: r-devel-linux-x86_64-debian-clang, r-devel-linux-x86_64-debian-gcc, r-devel-linux-x86_64-fedora-clang, r-devel-linux-x86_64-fedora-gcc, r-devel-windows-x86_64, r-patched-linux-x86_64, r-release-linux-x86_64, r-release-macos-arm64, r-release-macos-x86_64, r-release-windows-x86_64

Version: 0.3.2
Check: LazyData
Result: NOTE
     'LazyData' is specified without a 'data' directory
Flavors: r-devel-linux-x86_64-debian-clang, r-devel-linux-x86_64-debian-gcc, r-devel-linux-x86_64-fedora-clang, r-devel-linux-x86_64-fedora-gcc, r-devel-windows-x86_64, r-patched-linux-x86_64, r-release-linux-x86_64, r-release-macos-arm64, r-release-macos-x86_64, r-release-windows-x86_64, r-oldrel-macos-arm64, r-oldrel-macos-x86_64, r-oldrel-windows-x86_64