CRAN Package Check Results for Package loe

Last updated on 2020-07-14 09:50:36 CEST.

Flavor Version Tinstall Tcheck Ttotal Status Flags
r-devel-linux-x86_64-debian-clang 1.1 3.75 26.51 30.26 OK
r-devel-linux-x86_64-debian-gcc 1.1 2.64 20.93 23.57 OK
r-devel-linux-x86_64-fedora-clang 1.1 44.75 NOTE
r-devel-linux-x86_64-fedora-gcc 1.1 37.30 NOTE
r-devel-windows-ix86+x86_64 1.1 15.00 79.00 94.00 OK
r-patched-linux-x86_64 1.1 2.98 26.09 29.07 OK
r-patched-solaris-x86 1.1 57.40 OK
r-release-linux-x86_64 1.1 3.38 26.39 29.77 OK
r-release-macos-x86_64 1.1 ERROR
r-release-windows-ix86+x86_64 1.1 12.00 57.00 69.00 OK
r-oldrel-macos-x86_64 1.1 OK
r-oldrel-windows-ix86+x86_64 1.1 16.00 72.00 88.00 OK

Check Details

Version: 1.1
Check: compiled code
Result: NOTE
    File ‘loe/libs/loe.so’:
     Found no calls to: ‘R_registerRoutines’, ‘R_useDynamicSymbols’
    
    It is good practice to register native routines and to disable symbol
    search.
    
    See ‘Writing portable packages’ in the ‘Writing R Extensions’ manual.
Flavors: r-devel-linux-x86_64-fedora-clang, r-devel-linux-x86_64-fedora-gcc

Version: 1.1
Check: whether package can be installed
Result: ERROR
    Installation failed.
Flavor: r-release-macos-x86_64