CRAN Package Check Results for Package locits

Last updated on 2020-07-14 09:50:36 CEST.

Flavor Version Tinstall Tcheck Ttotal Status Flags
r-devel-linux-x86_64-debian-clang 1.7.3 6.01 50.72 56.73 OK
r-devel-linux-x86_64-debian-gcc 1.7.3 4.41 39.62 44.03 OK
r-devel-linux-x86_64-fedora-clang 1.7.3 76.60 NOTE
r-devel-linux-x86_64-fedora-gcc 1.7.3 70.51 NOTE
r-devel-windows-ix86+x86_64 1.7.3 16.00 119.00 135.00 OK
r-patched-linux-x86_64 1.7.3 5.88 50.52 56.40 OK
r-patched-solaris-x86 1.7.3 101.70 OK
r-release-linux-x86_64 1.7.3 6.64 50.74 57.38 OK
r-release-macos-x86_64 1.7.3 ERROR
r-release-windows-ix86+x86_64 1.7.3 19.00 81.00 100.00 OK
r-oldrel-macos-x86_64 1.7.3 OK
r-oldrel-windows-ix86+x86_64 1.7.3 15.00 112.00 127.00 OK

Check Details

Version: 1.7.3
Check: compiled code
Result: NOTE
    File ‘locits/libs/locits.so’:
     Found no calls to: ‘R_registerRoutines’, ‘R_useDynamicSymbols’
    
    It is good practice to register native routines and to disable symbol
    search.
    
    See ‘Writing portable packages’ in the ‘Writing R Extensions’ manual.
Flavors: r-devel-linux-x86_64-fedora-clang, r-devel-linux-x86_64-fedora-gcc

Version: 1.7.3
Check: whether package can be installed
Result: ERROR
    Installation failed.
Flavor: r-release-macos-x86_64