CRAN Package Check Results for Package localgauss

Last updated on 2020-07-14 09:50:36 CEST.

Flavor Version Tinstall Tcheck Ttotal Status Flags
r-devel-linux-x86_64-debian-clang 0.40 4.33 22.24 26.57 OK
r-devel-linux-x86_64-debian-gcc 0.40 3.71 18.16 21.87 OK
r-devel-linux-x86_64-fedora-clang 0.40 41.87 NOTE
r-devel-linux-x86_64-fedora-gcc 0.40 34.39 NOTE
r-devel-windows-ix86+x86_64 0.40 18.00 91.00 109.00 OK
r-patched-linux-x86_64 0.40 4.07 22.47 26.54 OK
r-patched-solaris-x86 0.40 55.50 OK
r-release-linux-x86_64 0.40 4.85 22.35 27.20 OK
r-release-macos-x86_64 0.40 ERROR
r-release-windows-ix86+x86_64 0.40 17.00 53.00 70.00 OK
r-oldrel-macos-x86_64 0.40 OK
r-oldrel-windows-ix86+x86_64 0.40 19.00 68.00 87.00 OK

Check Details

Version: 0.40
Check: compiled code
Result: NOTE
    File ‘localgauss/libs/localgauss.so’:
     Found no calls to: ‘R_registerRoutines’, ‘R_useDynamicSymbols’
    
    It is good practice to register native routines and to disable symbol
    search.
    
    See ‘Writing portable packages’ in the ‘Writing R Extensions’ manual.
Flavors: r-devel-linux-x86_64-fedora-clang, r-devel-linux-x86_64-fedora-gcc

Version: 0.40
Check: whether package can be installed
Result: ERROR
    Installation failed.
Flavor: r-release-macos-x86_64