CRAN Package Check Results for Package lmomco

Last updated on 2021-09-22 20:49:43 CEST.

Flavor Version Tinstall Tcheck Ttotal Status Flags
r-devel-linux-x86_64-debian-clang 2.3.7 23.54 167.02 190.56 OK
r-devel-linux-x86_64-debian-gcc 2.3.7 22.78 123.11 145.89 OK
r-devel-linux-x86_64-fedora-clang 2.3.7 240.98 OK
r-devel-linux-x86_64-fedora-gcc 2.3.7 230.19 OK
r-devel-windows-x86_64 2.3.7 30.00 167.00 197.00 OK
r-devel-windows-x86_64-gcc10-UCRT 2.3.7 ERROR
r-patched-linux-x86_64 2.3.7 40.12 161.35 201.47 OK
r-patched-solaris-x86 2.3.7 258.40 OK
r-release-linux-x86_64 2.3.7 28.81 159.73 188.54 OK
r-release-macos-arm64 2.3.7 OK
r-release-macos-x86_64 2.3.7 OK
r-release-windows-ix86+x86_64 2.3.7 46.00 163.00 209.00 OK
r-oldrel-macos-x86_64 2.3.7 OK
r-oldrel-windows-ix86+x86_64 2.3.7 28.00 152.00 180.00 OK

Check Details

Version: 2.3.7
Check: PDF version of manual
Result: WARN
    LaTeX errors when creating PDF version.
    This typically indicates Rd problems.
Flavor: r-devel-windows-x86_64-gcc10-UCRT

Version: 2.3.7
Check: PDF version of manual without hyperrefs or index
Result: ERROR
    Re-running with no redirection of stdout/stderr.
Flavor: r-devel-windows-x86_64-gcc10-UCRT