CRAN Package Check Results for Package lmeresampler

Last updated on 2020-09-23 13:04:55 CEST.

Flavor Version Tinstall Tcheck Ttotal Status Flags
r-devel-linux-x86_64-debian-clang 0.1.1 9.02 82.62 91.64 OK
r-devel-linux-x86_64-debian-gcc 0.1.1 7.90 63.56 71.46 OK
r-devel-linux-x86_64-fedora-clang 0.1.1 118.33 NOTE
r-devel-linux-x86_64-fedora-gcc 0.1.1 111.62 NOTE
r-devel-windows-ix86+x86_64 0.1.1 22.00 101.00 123.00 OK
r-patched-linux-x86_64 0.1.1 8.25 77.47 85.72 OK
r-patched-solaris-x86 0.1.1 156.70 NOTE
r-release-linux-x86_64 0.1.1 7.91 76.95 84.86 OK
r-release-macos-x86_64 0.1.1 NOTE
r-release-windows-ix86+x86_64 0.1.1 38.00 105.00 143.00 OK
r-oldrel-macos-x86_64 0.1.1 NOTE
r-oldrel-windows-ix86+x86_64 0.1.1 15.00 100.00 115.00 OK

Check Details

Version: 0.1.1
Check: dependencies in R code
Result: NOTE
    Namespace in Imports field not imported from: ‘boot’
     All declared Imports should be used.
Flavors: r-devel-linux-x86_64-fedora-clang, r-devel-linux-x86_64-fedora-gcc, r-patched-solaris-x86, r-release-macos-x86_64, r-oldrel-macos-x86_64