Last updated on 2025-01-24 19:48:30 CET.
Flavor | Version | Tinstall | Tcheck | Ttotal | Status | Flags |
---|---|---|---|---|---|---|
r-devel-linux-x86_64-debian-clang | 3.1-3 | 11.19 | 217.07 | 228.26 | OK | |
r-devel-linux-x86_64-debian-gcc | 3.1-3 | 8.85 | 142.87 | 151.72 | OK | |
r-devel-linux-x86_64-fedora-clang | 3.1-3 | 368.59 | OK | |||
r-devel-linux-x86_64-fedora-gcc | 3.1-3 | 339.92 | OK | |||
r-devel-windows-x86_64 | 3.1-3 | 17.00 | 203.00 | 220.00 | OK | |
r-patched-linux-x86_64 | 3.1-3 | 13.89 | 201.19 | 215.08 | OK | |
r-release-linux-x86_64 | 3.1-3 | 10.78 | 202.69 | 213.47 | OK | |
r-release-macos-arm64 | 3.1-3 | 96.00 | OK | |||
r-release-macos-x86_64 | 3.1-3 | 139.00 | OK | |||
r-release-windows-x86_64 | 3.1-3 | 13.00 | 203.00 | 216.00 | OK | |
r-oldrel-macos-arm64 | 3.1-3 | 108.00 | OK | |||
r-oldrel-macos-x86_64 | 3.1-3 | 183.00 | NOTE | |||
r-oldrel-windows-x86_64 | 3.1-3 | 18.00 | 261.00 | 279.00 | OK |
Version: 3.1-3
Check: package dependencies
Result: NOTE
Package suggested but not available for checking: ‘pbkrtest’
Flavor: r-oldrel-macos-x86_64
Version: 3.1-3
Check: Rd cross-references
Result: NOTE
Package unavailable to check Rd xrefs: ‘pbkrtest’
Flavor: r-oldrel-macos-x86_64