Last updated on 2023-03-29 08:53:42 CEST.
Flavor | Version | Tinstall | Tcheck | Ttotal | Status | Flags |
---|---|---|---|---|---|---|
r-devel-linux-x86_64-debian-clang | 2.1.0 | 5.32 | 48.96 | 54.28 | OK | |
r-devel-linux-x86_64-debian-gcc | 2.1.0 | 4.48 | 37.96 | 42.44 | OK | |
r-devel-linux-x86_64-fedora-clang | 2.1.0 | 69.96 | NOTE | |||
r-devel-linux-x86_64-fedora-gcc | 2.1.0 | 78.62 | NOTE | |||
r-devel-windows-x86_64 | 2.1.0 | 27.00 | 0.00 | 27.00 | OK | |
r-patched-linux-x86_64 | 2.1.0 | 4.70 | 47.35 | 52.05 | OK | |
r-release-linux-x86_64 | 2.1.0 | 4.49 | 47.87 | 52.36 | OK | |
r-release-macos-arm64 | 2.1.0 | 28.00 | OK | |||
r-release-macos-x86_64 | 2.1.0 | 37.00 | OK | |||
r-release-windows-x86_64 | 2.1.0 | 28.00 | 97.00 | 125.00 | OK | |
r-oldrel-macos-arm64 | 2.1.0 | 32.00 | OK | |||
r-oldrel-macos-x86_64 | 2.1.0 | 53.00 | OK | |||
r-oldrel-windows-ix86+x86_64 | 2.1.0 | 13.00 | 87.00 | 100.00 | OK |
Version: 2.1.0
Check: compiled code
Result: NOTE
File ‘lmPerm/libs/lmPerm.so’:
Found no calls to: ‘R_registerRoutines’, ‘R_useDynamicSymbols’
It is good practice to register native routines and to disable symbol
search.
See ‘Writing portable packages’ in the ‘Writing R Extensions’ manual.
Flavors: r-devel-linux-x86_64-fedora-clang, r-devel-linux-x86_64-fedora-gcc