CRAN Package Check Results for Package litteR

Last updated on 2021-09-22 08:50:15 CEST.

Flavor Version Tinstall Tcheck Ttotal Status Flags
r-devel-linux-x86_64-debian-clang 0.9.0 9.24 74.60 83.84 OK
r-devel-linux-x86_64-debian-gcc 0.9.0 7.21 57.31 64.52 OK
r-devel-linux-x86_64-fedora-clang 0.9.1 114.32 OK
r-devel-linux-x86_64-fedora-gcc 0.9.1 103.11 OK
r-devel-windows-x86_64 0.9.0 11.00 85.00 96.00 OK
r-devel-windows-x86_64-gcc10-UCRT 0.9.1 ERROR
r-patched-linux-x86_64 0.9.0 14.76 72.14 86.90 OK
r-patched-solaris-x86 0.9.1 137.00 OK
r-release-linux-x86_64 0.9.0 8.83 71.51 80.34 OK
r-release-macos-arm64 0.9.0 OK
r-release-macos-x86_64 0.9.0 OK
r-release-windows-ix86+x86_64 0.9.0 18.00 79.00 97.00 OK
r-oldrel-macos-x86_64 0.9.0 OK
r-oldrel-windows-ix86+x86_64 0.9.0 14.00 73.00 87.00 OK

Check Details

Version: 0.9.1
Check: package dependencies
Result: NOTE
    Package suggested but not available for checking: 'kableExtra'
Flavor: r-devel-windows-x86_64-gcc10-UCRT

Version: 0.9.1
Check: re-building of vignette outputs
Result: WARN
    Error(s) in re-building vignettes:
    --- re-building 'litteR-installation.Rmd' using rmarkdown
    --- finished re-building 'litteR-installation.Rmd'
    
    --- re-building 'litteR-manual.Rmd' using rmarkdown
    Quitting from lines 23-33 (litteR-manual.Rmd)
    Error: processing vignette 'litteR-manual.Rmd' failed with diagnostics:
    there is no package called 'kableExtra'
    --- failed re-building 'litteR-manual.Rmd'
    
    SUMMARY: processing the following file failed:
     'litteR-manual.Rmd'
    
    Error: Vignette re-building failed.
    Execution halted
Flavor: r-devel-windows-x86_64-gcc10-UCRT

Version: 0.9.1
Check: PDF version of manual
Result: WARN
    LaTeX errors when creating PDF version.
    This typically indicates Rd problems.
Flavor: r-devel-windows-x86_64-gcc10-UCRT

Version: 0.9.1
Check: PDF version of manual without hyperrefs or index
Result: ERROR
    Re-running with no redirection of stdout/stderr.
Flavor: r-devel-windows-x86_64-gcc10-UCRT