Last updated on 2025-01-24 19:48:30 CET.
Flavor | Version | Tinstall | Tcheck | Ttotal | Status | Flags |
---|---|---|---|---|---|---|
r-devel-linux-x86_64-debian-clang | 0.1.0 | 2.00 | 27.21 | 29.21 | NOTE | |
r-devel-linux-x86_64-debian-gcc | 0.1.0 | 1.54 | 21.76 | 23.30 | NOTE | |
r-devel-linux-x86_64-fedora-clang | 0.1.0 | 48.61 | OK | |||
r-devel-linux-x86_64-fedora-gcc | 0.1.0 | 58.53 | OK | |||
r-devel-windows-x86_64 | 0.1.0 | 4.00 | 58.00 | 62.00 | OK | |
r-patched-linux-x86_64 | 0.1.0 | 1.96 | 25.77 | 27.73 | OK | |
r-release-linux-x86_64 | 0.1.0 | 1.52 | 25.69 | 27.21 | OK | |
r-release-macos-arm64 | 0.1.0 | 25.00 | OK | |||
r-release-macos-x86_64 | 0.1.0 | 38.00 | OK | |||
r-release-windows-x86_64 | 0.1.0 | 3.00 | 56.00 | 59.00 | OK | |
r-oldrel-macos-arm64 | 0.1.0 | 25.00 | OK | |||
r-oldrel-macos-x86_64 | 0.1.0 | 33.00 | OK | |||
r-oldrel-windows-x86_64 | 0.1.0 | 3.00 | 56.00 | 59.00 | OK |
Version: 0.1.0
Check: DESCRIPTION meta-information
Result: NOTE
Missing dependency on R >= 4.1.0 because package code uses the pipe
|> or function shorthand \(...) syntax added in R 4.1.0.
File(s) using such syntax:
‘list_bind.R’
Flavors: r-devel-linux-x86_64-debian-clang, r-devel-linux-x86_64-debian-gcc