CRAN Package Check Results for Package listarrays

Last updated on 2024-02-27 19:54:42 CET.

Flavor Version Tinstall Tcheck Ttotal Status Flags
r-devel-linux-x86_64-debian-clang 0.3.1 2.98 35.21 38.19 NOTE
r-devel-linux-x86_64-debian-gcc 0.3.1 2.22 27.11 29.33 NOTE
r-devel-linux-x86_64-fedora-clang 0.3.1 47.20 NOTE
r-devel-linux-x86_64-fedora-gcc 0.3.1 45.45 NOTE
r-devel-windows-x86_64 0.3.1 4.00 51.00 55.00 NOTE
r-patched-linux-x86_64 0.3.1 2.67 34.90 37.57 NOTE
r-release-linux-x86_64 0.3.1 2.64 34.78 37.42 NOTE
r-release-macos-arm64 0.3.1 20.00 NOTE
r-release-macos-x86_64 0.3.1 28.00 NOTE
r-release-windows-x86_64 0.3.1 4.00 53.00 57.00 NOTE
r-oldrel-macos-arm64 0.3.1 20.00 NOTE
r-oldrel-windows-x86_64 0.3.1 6.00 53.00 59.00 NOTE

Check Details

Version: 0.3.1
Check: LazyData
Result: NOTE 'LazyData' is specified without a 'data' directory Flavors: r-devel-linux-x86_64-debian-clang, r-devel-linux-x86_64-debian-gcc, r-devel-linux-x86_64-fedora-clang, r-devel-linux-x86_64-fedora-gcc, r-devel-windows-x86_64, r-patched-linux-x86_64, r-release-linux-x86_64, r-release-macos-arm64, r-release-macos-x86_64, r-release-windows-x86_64, r-oldrel-macos-arm64, r-oldrel-windows-x86_64

Version: 0.3.1
Check: Rd cross-references
Result: NOTE Undeclared package ‘keras’ in Rd xrefs Flavor: r-devel-linux-x86_64-fedora-clang