CRAN Package Check Results for Package linguisticsdown

Last updated on 2023-01-26 19:49:31 CET.

Flavor Version Tinstall Tcheck Ttotal Status Flags
r-devel-linux-x86_64-debian-clang 1.2.0 4.98 40.89 45.87 NOTE
r-devel-linux-x86_64-debian-gcc 1.2.0 3.36 32.25 35.61 NOTE
r-devel-linux-x86_64-fedora-clang 1.2.0 57.41 NOTE
r-devel-linux-x86_64-fedora-gcc 1.2.0 56.06 NOTE
r-devel-windows-x86_64 1.2.0 38.00 68.00 106.00 NOTE
r-patched-linux-x86_64 1.2.0 4.22 41.30 45.52 NOTE
r-release-linux-x86_64 1.2.0 4.20 42.82 47.02 NOTE
r-release-macos-arm64 1.2.0 19.00 NOTE
r-release-macos-x86_64 1.2.0 40.00 NOTE
r-release-windows-x86_64 1.2.0 8.00 72.00 80.00 NOTE
r-oldrel-macos-arm64 1.2.0 26.00 NOTE
r-oldrel-macos-x86_64 1.2.0 34.00 NOTE
r-oldrel-windows-ix86+x86_64 1.2.0 16.00 70.00 86.00 NOTE

Check Details

Version: 1.2.0
Check: LazyData
Result: NOTE
     'LazyData' is specified without a 'data' directory
Flavors: r-devel-linux-x86_64-debian-clang, r-devel-linux-x86_64-debian-gcc, r-devel-linux-x86_64-fedora-clang, r-devel-linux-x86_64-fedora-gcc, r-devel-windows-x86_64, r-patched-linux-x86_64, r-release-linux-x86_64, r-release-macos-arm64, r-release-macos-x86_64, r-release-windows-x86_64, r-oldrel-macos-arm64, r-oldrel-macos-x86_64, r-oldrel-windows-ix86+x86_64