CRAN Package Check Results for Package liayson

Last updated on 2021-11-29 07:51:13 CET.

Flavor Version Tinstall Tcheck Ttotal Status Flags
r-devel-linux-x86_64-debian-clang 1.0.4 OK
r-devel-linux-x86_64-debian-gcc 1.0.4 25.35 226.38 251.73 OK
r-devel-linux-x86_64-fedora-clang 1.0.4 417.54 OK
r-devel-linux-x86_64-fedora-gcc 1.0.4 414.62 OK
r-devel-windows-x86_64-new-UL 1.0.4 48.00 369.00 417.00 OK
r-devel-windows-x86_64-new-TK 1.0.4 OK
r-devel-windows-x86_64-old 1.0.4 35.00 377.00 412.00 OK
r-patched-linux-x86_64 1.0.4 32.00 280.71 312.71 OK
r-patched-solaris-x86 1.0.4 546.80 OK
r-release-linux-x86_64 1.0.4 27.58 284.19 311.77 OK
r-release-macos-arm64 1.0.4 OK
r-release-macos-x86_64 1.0.4 NOTE
r-release-windows-ix86+x86_64 1.0.4 68.00 266.00 334.00 OK
r-oldrel-macos-x86_64 1.0.4 OK
r-oldrel-windows-ix86+x86_64 1.0.4 57.00 350.00 407.00 WARN

Check Details

Version: 1.0.4
Check: re-building of vignette outputs
Result: NOTE
    Error(s) in re-building vignettes:
     ...
    --- re-building ‘liayson.Rnw’ using Sweave
    Ensembl site unresponsive, trying uswest mirror
    
    Error: processing vignette 'liayson.Rnw' failed with diagnostics:
     chunk 1
    Error in readRDS(bfc[[rid]]) : unknown input format
    
    --- failed re-building ‘liayson.Rnw’
    
    SUMMARY: processing the following file failed:
     ‘liayson.Rnw’
    
    Error: Vignette re-building failed.
    Execution halted
Flavor: r-release-macos-x86_64

Version: 1.0.4
Check: re-building of vignette outputs
Result: WARN
    Error(s) in re-building vignettes:
    --- re-building 'liayson.Rnw' using Sweave
    Warning in readChar(con, 5L, useBytes = TRUE) :
     truncating string with embedded nuls
    Warning: file '1d2c40fedf3_file1d2c23fb5fdd' has magic number 'X'
     Use of save versions prior to 2 is deprecated
    
    Error: processing vignette 'liayson.Rnw' failed with diagnostics:
     chunk 1
    Error in load(bfc[[rid]]) :
     bad restore file magic number (file may be corrupted) -- no data loaded
    
    --- failed re-building 'liayson.Rnw'
    
    SUMMARY: processing the following file failed:
     'liayson.Rnw'
    
    Error: Vignette re-building failed.
    Execution halted
Flavor: r-oldrel-windows-ix86+x86_64