Last updated on 2023-06-05 21:59:10 CEST.
Flavor | Version | Tinstall | Tcheck | Ttotal | Status | Flags |
---|---|---|---|---|---|---|
r-devel-linux-x86_64-debian-clang | 1.1.0 | 3.86 | 24.49 | 28.35 | NOTE | |
r-devel-linux-x86_64-debian-gcc | 1.1.0 | 2.71 | 19.34 | 22.05 | NOTE | |
r-devel-linux-x86_64-fedora-clang | 1.1.0 | 35.56 | NOTE | |||
r-devel-linux-x86_64-fedora-gcc | 1.1.0 | 34.87 | NOTE | |||
r-devel-windows-x86_64 | 1.1.0 | 12.00 | 43.00 | 55.00 | NOTE | |
r-patched-linux-x86_64 | 1.1.0 | 2.85 | 23.48 | 26.33 | NOTE | |
r-release-linux-x86_64 | 1.1.0 | 2.69 | 24.09 | 26.78 | NOTE | |
r-release-macos-arm64 | 1.1.0 | 17.00 | NOTE | |||
r-release-macos-x86_64 | 1.1.0 | 24.00 | NOTE | |||
r-release-windows-x86_64 | 1.1.0 | 7.00 | 44.00 | 51.00 | NOTE | |
r-oldrel-macos-arm64 | 1.1.0 | 19.00 | NOTE | |||
r-oldrel-macos-x86_64 | 1.1.0 | 24.00 | NOTE | |||
r-oldrel-windows-x86_64 | 1.1.0 | 6.00 | 46.00 | 52.00 | NOTE |
Version: 1.1.0
Check: LazyData
Result: NOTE
'LazyData' is specified without a 'data' directory
Flavors: r-devel-linux-x86_64-debian-clang, r-devel-linux-x86_64-debian-gcc, r-devel-linux-x86_64-fedora-clang, r-devel-linux-x86_64-fedora-gcc, r-devel-windows-x86_64, r-patched-linux-x86_64, r-release-linux-x86_64, r-release-macos-arm64, r-release-macos-x86_64, r-release-windows-x86_64, r-oldrel-macos-arm64, r-oldrel-macos-x86_64, r-oldrel-windows-x86_64
Version: 1.1.0
Check: Rd cross-references
Result: NOTE
Undeclared package ‘MESS’ in Rd xrefs
Flavor: r-devel-linux-x86_64-fedora-clang