CRAN Package Check Results for Package lemna

Last updated on 2023-02-03 08:53:59 CET.

Flavor Version Tinstall Tcheck Ttotal Status Flags
r-devel-linux-x86_64-debian-clang 1.0.0 3.86 72.18 76.04 WARN
r-devel-linux-x86_64-debian-gcc 1.0.0 2.96 53.64 56.60 WARN
r-devel-linux-x86_64-fedora-clang 1.0.0 94.56 WARN
r-devel-linux-x86_64-fedora-gcc 1.0.0 101.73 WARN
r-devel-windows-x86_64 1.0.0 24.00 120.00 144.00 OK
r-patched-linux-x86_64 1.0.0 7.00 67.11 74.11 OK
r-release-linux-x86_64 1.0.0 3.78 66.98 70.76 OK
r-release-macos-arm64 1.0.0 36.00 OK
r-release-macos-x86_64 1.0.0 46.00 OK
r-release-windows-x86_64 1.0.0 18.00 117.00 135.00 OK
r-oldrel-macos-arm64 1.0.0 31.00 OK
r-oldrel-macos-x86_64 1.0.0 46.00 OK
r-oldrel-windows-ix86+x86_64 1.0.0 12.00 147.00 159.00 OK

Check Details

Version: 1.0.0
Check: whether package can be installed
Result: WARN
    Found the following significant warnings:
     lemna.c:98:15: warning: a function declaration without a prototype is deprecated in all versions of C [-Wstrict-prototypes]
     lemna.c:109:16: warning: a function declaration without a prototype is deprecated in all versions of C [-Wstrict-prototypes]
     lemna.c:120:16: warning: a function declaration without a prototype is deprecated in all versions of C [-Wstrict-prototypes]
     lemna.c:129:16: warning: a function declaration without a prototype is deprecated in all versions of C [-Wstrict-prototypes]
     lemna.c:138:16: warning: a function declaration without a prototype is deprecated in all versions of C [-Wstrict-prototypes]
    See ‘/home/hornik/tmp/R.check/r-devel-clang/Work/PKGS/lemna.Rcheck/00install.out’ for details.
    * used C compiler: ‘Debian clang version 15.0.6’
Flavor: r-devel-linux-x86_64-debian-clang

Version: 1.0.0
Check: whether package can be installed
Result: WARN
    Found the following significant warnings:
     lemna.c:98:8: warning: function declaration isn’t a prototype [-Wstrict-prototypes]
     lemna.c:109:8: warning: function declaration isn’t a prototype [-Wstrict-prototypes]
     lemna.c:120:8: warning: function declaration isn’t a prototype [-Wstrict-prototypes]
     lemna.c:129:8: warning: function declaration isn’t a prototype [-Wstrict-prototypes]
     lemna.c:138:8: warning: function declaration isn’t a prototype [-Wstrict-prototypes]
    See ‘/home/hornik/tmp/R.check/r-devel-gcc/Work/PKGS/lemna.Rcheck/00install.out’ for details.
    * used C compiler: ‘gcc-12 (Debian 12.2.0-14) 12.2.0’
Flavor: r-devel-linux-x86_64-debian-gcc

Version: 1.0.0
Check: whether package can be installed
Result: WARN
    Found the following significant warnings:
     lemna.c:98:15: warning: a function declaration without a prototype is deprecated in all versions of C [-Wstrict-prototypes]
     lemna.c:109:16: warning: a function declaration without a prototype is deprecated in all versions of C [-Wstrict-prototypes]
     lemna.c:120:16: warning: a function declaration without a prototype is deprecated in all versions of C [-Wstrict-prototypes]
     lemna.c:129:16: warning: a function declaration without a prototype is deprecated in all versions of C [-Wstrict-prototypes]
     lemna.c:138:16: warning: a function declaration without a prototype is deprecated in all versions of C [-Wstrict-prototypes]
    See ‘/data/gannet/ripley/R/packages/tests-clang/lemna.Rcheck/00install.out’ for details.
    * used C compiler: ‘clang version 15.0.7’
Flavor: r-devel-linux-x86_64-fedora-clang

Version: 1.0.0
Check: whether package can be installed
Result: WARN
    Found the following significant warnings:
     lemna.c:98:8: warning: function declaration isn’t a prototype [-Wstrict-prototypes]
     lemna.c:109:8: warning: function declaration isn’t a prototype [-Wstrict-prototypes]
     lemna.c:120:8: warning: function declaration isn’t a prototype [-Wstrict-prototypes]
     lemna.c:129:8: warning: function declaration isn’t a prototype [-Wstrict-prototypes]
     lemna.c:138:8: warning: function declaration isn’t a prototype [-Wstrict-prototypes]
    See ‘/data/gannet/ripley/R/packages/tests-devel/lemna.Rcheck/00install.out’ for details.
    * used C compiler: ‘gcc (GCC) 12.2.1 20221121 (Red Hat 12.2.1-4)’
Flavor: r-devel-linux-x86_64-fedora-gcc