CRAN Package Check Results for Package leaflegend

Last updated on 2021-09-20 20:48:47 CEST.

Flavor Version Tinstall Tcheck Ttotal Status Flags
r-devel-linux-x86_64-debian-clang 0.4.0 2.62 27.69 30.31 OK
r-devel-linux-x86_64-debian-gcc 0.4.0 2.00 21.33 23.33 OK
r-devel-linux-x86_64-fedora-clang 0.4.0 44.99 OK
r-devel-linux-x86_64-fedora-gcc 0.4.0 33.78 OK
r-devel-windows-x86_64 0.4.0 3.00 35.00 38.00 OK
r-devel-windows-x86_64-gcc10-UCRT 0.4.0 ERROR
r-patched-linux-x86_64 0.4.0 2.62 26.52 29.14 OK
r-patched-solaris-x86 0.4.0 49.90 OK
r-release-linux-x86_64 0.4.0 1.93 26.36 28.29 OK
r-release-macos-arm64 0.4.0 OK
r-release-macos-x86_64 0.4.0 OK
r-release-windows-ix86+x86_64 0.4.0 6.00 32.00 38.00 OK
r-oldrel-macos-x86_64 0.4.0 OK
r-oldrel-windows-ix86+x86_64 0.4.0 6.00 30.00 36.00 OK

Check Details

Version: 0.4.0
Check: whether package can be installed
Result: WARN
    Found the following significant warnings:
     WARNING: installation-time patches will not be applied, could not get the patches index
Flavor: r-devel-windows-x86_64-gcc10-UCRT

Version: 0.4.0
Check: PDF version of manual
Result: WARN
    LaTeX errors when creating PDF version.
    This typically indicates Rd problems.
Flavor: r-devel-windows-x86_64-gcc10-UCRT

Version: 0.4.0
Check: PDF version of manual without hyperrefs or index
Result: ERROR
    Re-running with no redirection of stdout/stderr.
Flavor: r-devel-windows-x86_64-gcc10-UCRT