Last updated on 2022-08-08 21:53:16 CEST.
Flavor | Version | Tinstall | Tcheck | Ttotal | Status | Flags |
---|---|---|---|---|---|---|
r-devel-linux-x86_64-debian-clang | 2.1.4 | 147.49 | 120.45 | 267.94 | WARN | |
r-devel-linux-x86_64-debian-gcc | 2.1.4 | 112.84 | 87.91 | 200.75 | OK | |
r-devel-linux-x86_64-fedora-clang | 2.1.4 | 357.11 | WARN | |||
r-devel-linux-x86_64-fedora-gcc | 2.1.4 | 329.78 | OK | |||
r-devel-windows-x86_64 | 2.1.4 | 109.00 | 187.00 | 296.00 | OK | |
r-patched-linux-x86_64 | 2.1.4 | 117.55 | 116.38 | 233.93 | OK | |
r-release-linux-x86_64 | 2.1.4 | OK | ||||
r-release-macos-arm64 | 2.1.4 | 68.00 | NOTE | |||
r-release-macos-x86_64 | 2.1.4 | 115.00 | NOTE | |||
r-release-windows-x86_64 | 2.1.4 | 114.00 | 183.00 | 297.00 | OK | |
r-oldrel-macos-arm64 | 2.1.4 | 74.00 | NOTE | |||
r-oldrel-macos-x86_64 | 2.1.4 | 108.00 | NOTE | |||
r-oldrel-windows-ix86+x86_64 | 2.1.4 | 332.00 | 215.00 | 547.00 | OK |
Version: 2.1.4
Check: whether package can be installed
Result: WARN
Found the following significant warnings:
em.cpp:103:7: warning: use of bitwise '&' with boolean operands [-Wbitwise-instead-of-logical]
Flavors: r-devel-linux-x86_64-debian-clang, r-devel-linux-x86_64-fedora-clang
Version: 2.1.4
Check: package dependencies
Result: NOTE
Package suggested but not available for checking: ‘VariantAnnotation’
Flavor: r-release-macos-arm64
Version: 2.1.4
Check: installed package size
Result: NOTE
installed size is 6.0Mb
sub-directories of 1Mb or more:
libs 5.2Mb
Flavors: r-release-macos-arm64, r-release-macos-x86_64, r-oldrel-macos-arm64, r-oldrel-macos-x86_64