CRAN Package Check Results for Package ldhmm

Last updated on 2021-10-24 20:51:07 CEST.

Flavor Version Tinstall Tcheck Ttotal Status Flags
r-devel-linux-x86_64-debian-clang 0.5.1 9.95 90.61 100.56 NOTE
r-devel-linux-x86_64-debian-gcc 0.5.1 7.13 67.42 74.55 NOTE
r-devel-linux-x86_64-fedora-clang 0.5.1 131.05 NOTE
r-devel-linux-x86_64-fedora-gcc 0.5.1 116.90 NOTE
r-devel-windows-x86_64 0.5.1 16.00 115.00 131.00 NOTE
r-devel-windows-x86_64-gcc10-UCRT 0.5.1 NOTE
r-patched-linux-x86_64 0.5.1 9.27 86.87 96.14 NOTE
r-patched-solaris-x86 0.5.1 166.80 NOTE
r-release-linux-x86_64 0.5.1 9.43 85.04 94.47 NOTE
r-release-macos-arm64 0.5.1 NOTE
r-release-macos-x86_64 0.5.1 NOTE
r-release-windows-ix86+x86_64 0.5.1 17.00 111.00 128.00 NOTE
r-oldrel-macos-x86_64 0.5.1 OK
r-oldrel-windows-ix86+x86_64 0.5.1 25.00 128.00 153.00 OK

Check Details

Version: 0.5.1
Check: LazyData
Result: NOTE
     'LazyData' is specified without a 'data' directory
Flavors: r-devel-linux-x86_64-debian-clang, r-devel-linux-x86_64-debian-gcc, r-devel-linux-x86_64-fedora-clang, r-devel-linux-x86_64-fedora-gcc, r-devel-windows-x86_64, r-devel-windows-x86_64-gcc10-UCRT, r-patched-linux-x86_64, r-patched-solaris-x86, r-release-linux-x86_64, r-release-macos-arm64, r-release-macos-x86_64, r-release-windows-ix86+x86_64