CRAN Package Check Results for Package lctools

Last updated on 2022-01-18 20:50:42 CET.

Flavor Version Tinstall Tcheck Ttotal Status Flags
r-devel-linux-x86_64-debian-clang 0.2-8 15.31 200.24 215.55 OK
r-devel-linux-x86_64-debian-gcc 0.2-8 13.28 149.56 162.84 OK
r-devel-linux-x86_64-fedora-clang 0.2-8 257.99 OK
r-devel-linux-x86_64-fedora-gcc 0.2-8 242.68 OK
r-devel-windows-x86_64-new-UL 0.2-8 57.00 254.00 311.00 OK
r-devel-windows-x86_64-new-TK 0.2-8 ERROR
r-patched-linux-x86_64 0.2-8 22.69 155.13 177.82 OK
r-release-linux-x86_64 0.2-8 OK
r-release-macos-arm64 0.2-8 OK
r-release-macos-x86_64 0.2-8 OK
r-release-windows-ix86+x86_64 0.2-8 36.00 183.00 219.00 OK
r-oldrel-macos-x86_64 0.2-8 OK
r-oldrel-windows-ix86+x86_64 0.2-8 36.00 187.00 223.00 OK

Check Details

Version: 0.2-8
Check: package dependencies
Result: ERROR
    Package required but not available: 'weights'
    
    See section 'The DESCRIPTION file' in the 'Writing R Extensions'
    manual.
Flavor: r-devel-windows-x86_64-new-TK