CRAN Package Check Results for Package lcars

Last updated on 2022-09-26 08:51:37 CEST.

Flavor Version Tinstall Tcheck Ttotal Status Flags
r-devel-linux-x86_64-debian-clang 0.3.7 5.75 60.44 66.19 NOTE
r-devel-linux-x86_64-debian-gcc 0.3.7 5.15 46.30 51.45 NOTE
r-devel-linux-x86_64-fedora-clang 0.3.7 91.53 NOTE
r-devel-linux-x86_64-fedora-gcc 0.3.7 89.84 NOTE
r-devel-windows-x86_64 0.3.7 18.00 98.00 116.00 NOTE
r-patched-linux-x86_64 0.3.7 7.04 58.49 65.53 OK
r-release-linux-x86_64 0.3.7 5.87 57.63 63.50 OK
r-release-macos-arm64 0.3.7 28.00 OK
r-release-macos-x86_64 0.3.7 60.00 OK
r-release-windows-x86_64 0.3.7 24.00 98.00 122.00 OK
r-oldrel-macos-arm64 0.3.7 36.00 OK
r-oldrel-macos-x86_64 0.3.7 40.00 OK
r-oldrel-windows-ix86+x86_64 0.3.7 15.00 86.00 101.00 OK

Check Details

Version: 0.3.7
Check: package subdirectories
Result: NOTE
    Problems with news in 'NEWS.md':
     Cannot extract version info from the following section titles:
     lcars.0.3.1
Flavors: r-devel-linux-x86_64-debian-clang, r-devel-linux-x86_64-debian-gcc, r-devel-linux-x86_64-fedora-clang, r-devel-linux-x86_64-fedora-gcc, r-devel-windows-x86_64