CRAN Package Check Results for Package lazysf

Last updated on 2021-09-24 20:48:49 CEST.

Flavor Version Tinstall Tcheck Ttotal Status Flags
r-devel-linux-x86_64-debian-clang 0.1.0 8.05 63.47 71.52 NOTE
r-devel-linux-x86_64-debian-gcc 0.1.0 6.54 48.34 54.88 NOTE
r-devel-linux-x86_64-fedora-clang 0.1.0 97.41 NOTE
r-devel-linux-x86_64-fedora-gcc 0.1.0 82.43 NOTE
r-devel-windows-x86_64 0.1.0 12.00 62.00 74.00 NOTE
r-devel-windows-x86_64-gcc10-UCRT 0.1.0 NOTE
r-patched-linux-x86_64 0.1.0 12.43 58.77 71.20 NOTE
r-patched-solaris-x86 0.1.0 130.10 NOTE
r-release-linux-x86_64 0.1.0 7.71 58.94 66.65 NOTE
r-release-macos-arm64 0.1.0 NOTE
r-release-macos-x86_64 0.1.0 NOTE
r-release-windows-ix86+x86_64 0.1.0 21.00 57.00 78.00 NOTE
r-oldrel-macos-x86_64 0.1.0 OK
r-oldrel-windows-ix86+x86_64 0.1.0 13.00 63.00 76.00 OK

Check Details

Version: 0.1.0
Check: LazyData
Result: NOTE
     'LazyData' is specified without a 'data' directory
Flavors: r-devel-linux-x86_64-debian-clang, r-devel-linux-x86_64-debian-gcc, r-devel-linux-x86_64-fedora-clang, r-devel-linux-x86_64-fedora-gcc, r-devel-windows-x86_64, r-devel-windows-x86_64-gcc10-UCRT, r-patched-linux-x86_64, r-patched-solaris-x86, r-release-linux-x86_64, r-release-macos-arm64, r-release-macos-x86_64, r-release-windows-ix86+x86_64