CRAN Package Check Results for Package lazyeval

Last updated on 2021-10-24 20:51:06 CEST.

Flavor Version Tinstall Tcheck Ttotal Status Flags
r-devel-linux-x86_64-debian-clang 0.2.2 3.80 30.77 34.57 NOTE
r-devel-linux-x86_64-debian-gcc 0.2.2 2.95 24.16 27.11 NOTE
r-devel-linux-x86_64-fedora-clang 0.2.2 53.41 NOTE
r-devel-linux-x86_64-fedora-gcc 0.2.2 42.35 NOTE
r-devel-windows-x86_64 0.2.2 10.00 57.00 67.00 NOTE
r-devel-windows-x86_64-gcc10-UCRT 0.2.2 NOTE
r-patched-linux-x86_64 0.2.2 3.44 30.69 34.13 NOTE
r-patched-solaris-x86 0.2.2 61.20 NOTE
r-release-linux-x86_64 0.2.2 2.46 30.47 32.93 NOTE
r-release-macos-arm64 0.2.2 NOTE
r-release-macos-x86_64 0.2.2 NOTE
r-release-windows-ix86+x86_64 0.2.2 14.00 60.00 74.00 NOTE
r-oldrel-macos-x86_64 0.2.2 OK
r-oldrel-windows-ix86+x86_64 0.2.2 25.00 70.00 95.00 OK

Check Details

Version: 0.2.2
Check: LazyData
Result: NOTE
     'LazyData' is specified without a 'data' directory
Flavors: r-devel-linux-x86_64-debian-clang, r-devel-linux-x86_64-debian-gcc, r-devel-linux-x86_64-fedora-clang, r-devel-linux-x86_64-fedora-gcc, r-devel-windows-x86_64, r-devel-windows-x86_64-gcc10-UCRT, r-patched-linux-x86_64, r-patched-solaris-x86, r-release-linux-x86_64, r-release-macos-arm64, r-release-macos-x86_64, r-release-windows-ix86+x86_64