CRAN Package Check Results for Package lazyeval

Last updated on 2022-06-24 22:53:39 CEST.

Flavor Version Tinstall Tcheck Ttotal Status Flags
r-devel-linux-x86_64-debian-clang 0.2.2 3.41 33.97 37.38 NOTE
r-devel-linux-x86_64-debian-gcc 0.2.2 2.79 26.49 29.28 NOTE
r-devel-linux-x86_64-fedora-clang 0.2.2 57.26 NOTE
r-devel-linux-x86_64-fedora-gcc 0.2.2 55.22 NOTE
r-devel-windows-x86_64 0.2.2 70.00 68.00 138.00 NOTE
r-patched-linux-x86_64 0.2.2 4.04 33.46 37.50 NOTE
r-release-linux-x86_64 0.2.2 3.98 33.01 36.99 NOTE
r-release-macos-arm64 0.2.2 21.00 NOTE
r-release-macos-x86_64 0.2.2 33.00 NOTE
r-release-windows-x86_64 0.2.2 65.00 69.00 134.00 NOTE
r-oldrel-macos-arm64 0.2.2 26.00 NOTE
r-oldrel-macos-x86_64 0.2.2 40.00 NOTE
r-oldrel-windows-ix86+x86_64 0.2.2 14.00 71.00 85.00 NOTE

Check Details

Version: 0.2.2
Check: LazyData
Result: NOTE
     'LazyData' is specified without a 'data' directory
Flavors: r-devel-linux-x86_64-debian-clang, r-devel-linux-x86_64-debian-gcc, r-devel-linux-x86_64-fedora-clang, r-devel-linux-x86_64-fedora-gcc, r-devel-windows-x86_64, r-patched-linux-x86_64, r-release-linux-x86_64, r-release-macos-arm64, r-release-macos-x86_64, r-release-windows-x86_64, r-oldrel-macos-arm64, r-oldrel-macos-x86_64, r-oldrel-windows-ix86+x86_64