CRAN Package Check Results for Package lazyeval

Last updated on 2024-04-20 21:56:08 CEST.

Flavor Version Tinstall Tcheck Ttotal Status Flags
r-devel-linux-x86_64-debian-clang 0.2.2 4.20 39.31 43.51 NOTE
r-devel-linux-x86_64-debian-gcc 0.2.2 2.89 31.08 33.97 NOTE
r-devel-linux-x86_64-fedora-clang 0.2.2 58.30 NOTE
r-devel-linux-x86_64-fedora-gcc 0.2.2 68.38 NOTE
r-prerel-macos-arm64 0.2.2 28.00 NOTE
r-prerel-windows-x86_64 0.2.2 9.00 60.00 69.00 NOTE
r-patched-linux-x86_64 0.2.2 5.14 39.04 44.18 NOTE
r-release-linux-x86_64 0.2.2 3.54 36.83 40.37 NOTE
r-release-macos-arm64 0.2.2 32.00 NOTE
r-release-macos-x86_64 0.2.2 43.00 NOTE
r-release-windows-x86_64 0.2.2 8.00 62.00 70.00 NOTE
r-oldrel-macos-arm64 0.2.2 25.00 NOTE
r-oldrel-windows-x86_64 0.2.2 10.00 63.00 73.00 NOTE

Check Details

Version: 0.2.2
Check: LazyData
Result: NOTE 'LazyData' is specified without a 'data' directory Flavors: r-devel-linux-x86_64-debian-clang, r-devel-linux-x86_64-debian-gcc, r-devel-linux-x86_64-fedora-clang, r-devel-linux-x86_64-fedora-gcc, r-prerel-macos-arm64, r-prerel-windows-x86_64, r-patched-linux-x86_64, r-release-linux-x86_64, r-release-macos-arm64, r-release-macos-x86_64, r-release-windows-x86_64, r-oldrel-macos-arm64, r-oldrel-windows-x86_64